{"id":1352,"date":"2017-11-01T15:25:09","date_gmt":"2017-11-01T14:25:09","guid":{"rendered":"http:\/\/heleneholmsif.se\/friidrott\/?page_id=1352"},"modified":"2021-08-19T13:08:47","modified_gmt":"2021-08-19T11:08:47","slug":"skolverksamhet","status":"publish","type":"page","link":"https:\/\/heleneholmsif.se\/friidrott\/skolverksamhet\/","title":{"rendered":"Prova p\u00e5 friidrott &#8211; Skolverksamhet"},"content":{"rendered":"<p>F\u00f6r oss \u00e4r samarbetet med skolan och goda relationer med idrottsl\u00e4rare i Malm\u00f6 en naturlig och viktig del f\u00f6r att f\u00e5nga upp och skapa ett intresse f\u00f6r v\u00e5r idrott bland stadens barn och ungdomar. Om ni vill att vi som f\u00f6rening kommer ut och h\u00e5ller i en friidrottsdag\/lektion har vi oftast m\u00f6jlighet att g\u00f6ra det under skoltid utan kostnad. Tveka inte att h\u00f6ra av er till kansliet p\u00e5 040-19 42 20 eller via mail <a href=\"mailto:sebastian@heleneholmsif.se\">sebastian@heleneholmsif.se<\/a> om ni vill boka oss eller diskutera ett uppl\u00e4gg.<\/p>\n<p>I h\u00f6st 2021 startar vi ett ny satsning d\u00e4r forna OS-deltagaren i diskus Axel H\u00e4rstedt g\u00e4rna kommer ut och ber\u00e4ttar om sin karri\u00e4r och friidrott f\u00f6r er skola. Vi kommer sedan bjuda in till olika tillf\u00e4llen under onsdagar f\u00f6r att f\u00e5 prova friidrott. Maila g\u00e4rna <a href=\"mailto:axel@heleneholmsif.se\">axel@heleneholmsif.se<\/a> f\u00f6r mer info.<\/p>\n","protected":false},"excerpt":{"rendered":"<p>F\u00f6r oss \u00e4r samarbetet med skolan och goda relationer med idrottsl\u00e4rare i Malm\u00f6 en naturlig och viktig del f\u00f6r att f\u00e5nga upp och skapa ett intresse f\u00f6r v\u00e5r idrott bland stadens barn och ungdomar. Om ni vill att vi som f\u00f6rening kommer ut och h\u00e5ller i en friidrottsdag\/lektion har vi oftast m\u00f6jlighet att g\u00f6ra det [&hellip;] <a href=\"https:\/\/heleneholmsif.se\/friidrott\/skolverksamhet\/\" class=\"readmore\">L\u00e4s mer<i class=\"icon-forward\"><\/i><\/a><\/p>\n","protected":false},"author":4,"featured_media":0,"parent":0,"menu_order":0,"comment_status":"closed","ping_status":"closed","template":"","meta":{"_mi_skip_tracking":false,"footnotes":""},"class_list":["post-1352","page","type-page","status-publish","hentry"],"_links":{"self":[{"href":"https:\/\/heleneholmsif.se\/friidrott\/wp-json\/wp\/v2\/pages\/1352","targetHints":{"allow":["GET"]}}],"collection":[{"href":"https:\/\/heleneholmsif.se\/friidrott\/wp-json\/wp\/v2\/pages"}],"about":[{"href":"https:\/\/heleneholmsif.se\/friidrott\/wp-json\/wp\/v2\/types\/page"}],"author":[{"embeddable":true,"href":"https:\/\/heleneholmsif.se\/friidrott\/wp-json\/wp\/v2\/users\/4"}],"replies":[{"embeddable":true,"href":"https:\/\/heleneholmsif.se\/friidrott\/wp-json\/wp\/v2\/comments?post=1352"}],"version-history":[{"count":5,"href":"https:\/\/heleneholmsif.se\/friidrott\/wp-json\/wp\/v2\/pages\/1352\/revisions"}],"predecessor-version":[{"id":3255,"href":"https:\/\/heleneholmsif.se\/friidrott\/wp-json\/wp\/v2\/pages\/1352\/revisions\/3255"}],"wp:attachment":[{"href":"https:\/\/heleneholmsif.se\/friidrott\/wp-json\/wp\/v2\/media?parent=1352"}],"curies":[{"name":"wp","href":"https:\/\/api.w.org\/{rel}","templated":true}]}}