{"id":176,"date":"2016-11-10T14:12:09","date_gmt":"2016-11-10T13:12:09","guid":{"rendered":"http:\/\/heleneholmsif.se\/friidrott\/?page_id=176"},"modified":"2025-11-24T14:04:32","modified_gmt":"2025-11-24T13:04:32","slug":"sista-chansen","status":"publish","type":"page","link":"https:\/\/heleneholmsif.se\/friidrott\/arrangemang\/sista-chansen\/","title":{"rendered":"Julchansen"},"content":{"rendered":"\n<p>Detta \u00e4r huvudsidan f\u00f6r friidrottst\u00e4vlingen Julchansen som arrangeras av Heleneholms IF och IFK Lund.<br><\/p>\n\n\n\n<p><strong>202<\/strong>5<\/p>\n\n\n\n<ul class=\"wp-block-list\">\n<li><a href=\"https:\/\/ifklund.se\/wp-content\/uploads\/2025\/09\/Julchansen-2025-Inbjudan.pdf\">Inbjudan<\/a><\/li>\n\n\n\n<li><a href=\"https:\/\/easyrecord.se\/info?9ySB55\">T\u00e4vlingssidan<\/a> (all info samlad)<\/li>\n\n\n\n<li><a href=\"https:\/\/easyrecord.se\/entry?9ySB55\">Anm\u00e4lan<\/a> &#8211; Senast 19\/11<\/li>\n\n\n\n<li><a href=\"https:\/\/easyrecord.se\/entry?9ySB55\">Efteranm\u00e4lan<\/a><\/li>\n\n\n\n<li><a href=\"https:\/\/easyrecord.se\/startlist?9ySB55\" data-type=\"link\" data-id=\"https:\/\/easyrecord.se\/startlist?9ySB55\">Startlista<\/a><\/li>\n\n\n\n<li>Tidsprogram<strong> <\/strong>Prova p\u00e5 t\u00e4vlingen -Prova p\u00e5 s\u00e5 mycket du vill mellan kl 9.00-11.00<\/li>\n\n\n\n<li>Tidsprogrammet hittar du p\u00e5<em><a href=\"https:\/\/easyrecord.se\/index\" data-type=\"URL\" data-id=\"https:\/\/easyrecord.se\/index\" target=\"_blank\" rel=\"noreferrer noopener\"> EasyRecord<\/a><\/em> &#8211;<\/li>\n\n\n\n<li><a href=\"https:\/\/ifklund.se\/wp-content\/uploads\/2025\/11\/Julchansen-2025-PM-Prova-pa.pdf\" data-type=\"URL\" data-id=\"https:\/\/heleneholmsif.se\/wp-content\/uploads\/2024\/11\/Julchansen-2024-PM-Prova-pa.pdf\" target=\"_blank\" rel=\"noreferrer noopener\">PM Prova p\u00e5 t\u00e4vlingen<\/a> (2025)<\/li>\n\n\n\n<li><a href=\"https:\/\/ifklund.se\/wp-content\/uploads\/2025\/11\/Julchansen-2025-PM-Huvudtavling_02.pdf\" data-type=\"URL\" data-id=\"https:\/\/heleneholmsif.se\/wp-content\/uploads\/2024\/11\/Julchansen-2024-PM-Huvudtavling.pdf\" target=\"_blank\" rel=\"noreferrer noopener\">PM Huvudt\u00e4vlingen <\/a>(2025)<\/li>\n\n\n\n<li>Resultat (easyrecord.se)<\/li>\n<\/ul>\n\n\n\n<p>Fr\u00e5gor? maila <a href=\"mailto:Vanessa@heleneholmsif.se\">andre@heleneholmsif.se<\/a>&nbsp;<\/p>\n\n\n\n<hr class=\"wp-block-separator has-alpha-channel-opacity\"\/>\n\n\n\n<p><strong>Bilder fr\u00e5n Julchansen 2021<\/strong><\/p>\n\n\n\n<p><a href=\"https:\/\/photos.app.goo.gl\/ncVMiNWsJobKi1uDA\">Bilder p\u00e5 Heleneholmare<\/a><\/p>\n\n\n\n<p><a href=\"https:\/\/photos.app.goo.gl\/jpSEzPUBmRUX5UJ49\" data-rich-text-format-boundary=\"true\">Bilder \u00f6vriga klubbar<\/a><\/p>\n\n\n\n<p><strong>Resultatlista fr\u00e5n Sista chansen\/Julchansen<\/strong><\/p>\n\n\n\n<p><\/p>\n\n\n\n<ul class=\"wp-block-list\">\n<li><a href=\"https:\/\/easyrecord.se\/result?gxOAUU\">2024<\/a><\/li>\n\n\n\n<li><a href=\"https:\/\/easyrecord.se\/result?YrzNuu\">2023<\/a><br><a href=\"https:\/\/easyrecord.se\/result?CQ0LL\">2022<\/a><\/li>\n\n\n\n<li><a href=\"https:\/\/easyrecord.se\/result?klP_yy\">2021<\/a><\/li>\n\n\n\n<li>2020 (inst\u00e4llt p.g.a corona-pandemin)<\/li>\n\n\n\n<li><a href=\"https:\/\/easyrecord.se\/result?KsH7RR\">2019<\/a><\/li>\n\n\n\n<li><a href=\"https:\/\/www.easyrecord.se\/result?RGSA66\">2018<\/a>&nbsp;<a href=\"http:\/\/heleneholmsif.se\/friidrott\/wp-content\/uploads\/sites\/4\/2018\/12\/Resultat-prova-p\u00e5-t\u00e4vling-1-december-2018-v2.pdf\">Prova p\u00e5 t\u00e4vling<\/a><\/li>\n\n\n\n<li><a href=\"https:\/\/www.easyrecord.se\/results\/2G3411.html\">2017<\/a> <a href=\"http:\/\/heleneholmsif.se\/wp-content\/uploads\/2017\/12\/Resultat-prova-p%C3%A5-t%C3%A4vling-Jul-chansen-2-december-v2.pdf\">Prova p\u00e5 t\u00e4vling<\/a><\/li>\n\n\n\n<li><a href=\"http:\/\/heleneholmsif.se\/friidrott\/wp-content\/uploads\/sites\/4\/2016\/12\/Resultat.pdf\">2016<\/a><\/li>\n\n\n\n<li><a href=\"http:\/\/heleneholmsif.se\/friidrott\/wp-content\/uploads\/sites\/4\/2017\/01\/ReslistaSistaCHansen2015.pdf\">2015<\/a><\/li>\n\n\n\n<li><a href=\"http:\/\/heleneholmsif.se\/friidrott\/wp-content\/uploads\/sites\/4\/2017\/01\/ResSistaChansen2014ny.pdf\">2014<\/a><\/li>\n\n\n\n<li><a href=\"http:\/\/heleneholmsif.se\/friidrott\/wp-content\/uploads\/sites\/4\/2017\/01\/resultat_2013sistchans.pdf\">2013<\/a><\/li>\n\n\n\n<li><a href=\"http:\/\/heleneholmsif.se\/friidrott\/wp-content\/uploads\/sites\/4\/2017\/01\/resultat2012.pdf\">2012<\/a><\/li>\n\n\n\n<li><a href=\"http:\/\/heleneholmsif.se\/friidrott\/wp-content\/uploads\/sites\/4\/2017\/01\/resultatSistaChansen2011.pdf\">2011<\/a><\/li>\n<\/ul>\n","protected":false},"excerpt":{"rendered":"<p>Detta \u00e4r huvudsidan f\u00f6r friidrottst\u00e4vlingen Julchansen som arrangeras av Heleneholms IF och IFK Lund. 2025 Fr\u00e5gor? maila andre@heleneholmsif.se&nbsp; Bilder fr\u00e5n Julchansen 2021 Bilder p\u00e5 Heleneholmare Bilder \u00f6vriga klubbar Resultatlista fr\u00e5n Sista chansen\/Julchansen<\/p>\n","protected":false},"author":9,"featured_media":0,"parent":270,"menu_order":4,"comment_status":"closed","ping_status":"closed","template":"","meta":{"_mi_skip_tracking":false,"footnotes":""},"class_list":["post-176","page","type-page","status-publish","hentry"],"_links":{"self":[{"href":"https:\/\/heleneholmsif.se\/friidrott\/wp-json\/wp\/v2\/pages\/176","targetHints":{"allow":["GET"]}}],"collection":[{"href":"https:\/\/heleneholmsif.se\/friidrott\/wp-json\/wp\/v2\/pages"}],"about":[{"href":"https:\/\/heleneholmsif.se\/friidrott\/wp-json\/wp\/v2\/types\/page"}],"author":[{"embeddable":true,"href":"https:\/\/heleneholmsif.se\/friidrott\/wp-json\/wp\/v2\/users\/9"}],"replies":[{"embeddable":true,"href":"https:\/\/heleneholmsif.se\/friidrott\/wp-json\/wp\/v2\/comments?post=176"}],"version-history":[{"count":110,"href":"https:\/\/heleneholmsif.se\/friidrott\/wp-json\/wp\/v2\/pages\/176\/revisions"}],"predecessor-version":[{"id":4314,"href":"https:\/\/heleneholmsif.se\/friidrott\/wp-json\/wp\/v2\/pages\/176\/revisions\/4314"}],"up":[{"embeddable":true,"href":"https:\/\/heleneholmsif.se\/friidrott\/wp-json\/wp\/v2\/pages\/270"}],"wp:attachment":[{"href":"https:\/\/heleneholmsif.se\/friidrott\/wp-json\/wp\/v2\/media?parent=176"}],"curies":[{"name":"wp","href":"https:\/\/api.w.org\/{rel}","templated":true}]}}