{"id":1938,"date":"2018-10-25T09:43:33","date_gmt":"2018-10-25T07:43:33","guid":{"rendered":"http:\/\/heleneholmsif.se\/friidrott\/?page_id=1938"},"modified":"2023-07-22T00:30:34","modified_gmt":"2023-07-21T22:30:34","slug":"kul-i-malmo","status":"publish","type":"page","link":"https:\/\/heleneholmsif.se\/friidrott\/traning\/kul-i-malmo\/","title":{"rendered":"Kul i Malm\u00f6"},"content":{"rendered":"<p>Vi i Heleneholms IF \u00e4r vana vid att arrangera kul i Malm\u00f6 projekt genom Malm\u00f6 stad under skolloven. Nedan finner du aktuella kommande aktiviteter. I projektet kul i Malm\u00f6 \u00e4r alla v\u00e5ra aktiviteter gratis.<figure id=\"attachment_2945\" class=\"alignnone\"><a data-fancybox-title=\"\" class=\"zoom-hover fb\" href=\"https:\/\/kulimalmo.se\/?tribe_paged=1&amp;tribe_event_display=list&amp;tribe-bar-search=friidrott\"><img loading=\"lazy\" decoding=\"async\" width=\"1024\" height=\"417\" class=\"wp-image-2945\" src=\"http:\/\/heleneholmsif.se\/friidrott\/wp-content\/uploads\/sites\/4\/2020\/10\/Logotyp_kulimalmo_2020-16-1024x417.png\" alt=\"\" srcset=\"https:\/\/heleneholmsif.se\/friidrott\/wp-content\/uploads\/sites\/4\/2020\/10\/Logotyp_kulimalmo_2020-16-1024x417.png 1024w, https:\/\/heleneholmsif.se\/friidrott\/wp-content\/uploads\/sites\/4\/2020\/10\/Logotyp_kulimalmo_2020-16-300x122.png 300w, https:\/\/heleneholmsif.se\/friidrott\/wp-content\/uploads\/sites\/4\/2020\/10\/Logotyp_kulimalmo_2020-16-768x313.png 768w, https:\/\/heleneholmsif.se\/friidrott\/wp-content\/uploads\/sites\/4\/2020\/10\/Logotyp_kulimalmo_2020-16-147x60.png 147w, https:\/\/heleneholmsif.se\/friidrott\/wp-content\/uploads\/sites\/4\/2020\/10\/Logotyp_kulimalmo_2020-16-1180x481.png 1180w, https:\/\/heleneholmsif.se\/friidrott\/wp-content\/uploads\/sites\/4\/2020\/10\/Logotyp_kulimalmo_2020-16-1140x465.png 1140w, https:\/\/heleneholmsif.se\/friidrott\/wp-content\/uploads\/sites\/4\/2020\/10\/Logotyp_kulimalmo_2020-16-748x305.png 748w, https:\/\/heleneholmsif.se\/friidrott\/wp-content\/uploads\/sites\/4\/2020\/10\/Logotyp_kulimalmo_2020-16-364x148.png 364w, https:\/\/heleneholmsif.se\/friidrott\/wp-content\/uploads\/sites\/4\/2020\/10\/Logotyp_kulimalmo_2020-16.png 1379w\" sizes=\"auto, (max-width: 1024px) 100vw, 1024px\" \/><\/a><\/figure>\n<p><strong>Kommande aktivitet &#8211; Prova p\u00e5 friidrott under sommaren<br \/>Datum:<\/strong> Vecka 31 och 32\u00a0<strong><br \/><\/strong><strong>Klockan: <\/strong>10.00-13.00<br \/><strong>\u00c5lder:<\/strong> 6-14 \u00e5r<br \/><strong>Plats:<\/strong> Heleneholms IP<br \/><strong>Ha med<\/strong>: Vattenflaska.<br \/><strong>Kostnad:<\/strong> gratis, spontana inhopp, kom och g\u00e5 n\u00e4r du vill!<br \/><strong>Mer info p\u00e5:<\/strong> <a href=\"https:\/\/kulimalmo.se\">www.kulimalmo.se<\/a><\/p>\n<p>\u00c4r ni en st\u00f6rre grupp som t\u00e4nkt komma vill vi g\u00e4rna att ni anm\u00e4ler er i f\u00f6rv\u00e4g via <a href=\"mailto:viktor@heleneholmsif.se\">denna adress<\/a>.<\/p>\n<hr \/>\n<p>Ta chansen att prova p\u00e5 att tr\u00e4na friidrott tillsammans med oss. Att tr\u00e4na under denna period \u00e4r gratis och du \u00e4r v\u00e4lkommen att komma och g\u00e5 precis n\u00e4r du vill inom ovanst\u00e5ende tider. Vi testar p\u00e5 sprint som Usain Bolt, stavhopp som Armond Duplantis, h\u00f6jdhopp som Kajsa Bergqvist, Diskus som Daniel St\u00e5hl, l\u00e4ngdhopp m.m.<\/p>\n\n\n<figure class=\"wp-block-image size-large\"><figure id=\"attachment_3968\" class=\"alignnone\"><div class=\"\"><img loading=\"lazy\" decoding=\"async\" width=\"1024\" height=\"571\" src=\"https:\/\/heleneholmsif.se\/friidrott\/wp-content\/uploads\/sites\/4\/2023\/07\/ProvaPaFriidrott-1024x571.png\" alt=\"\" class=\"wp-image-3968\" srcset=\"https:\/\/heleneholmsif.se\/friidrott\/wp-content\/uploads\/sites\/4\/2023\/07\/ProvaPaFriidrott-1024x571.png 1024w, https:\/\/heleneholmsif.se\/friidrott\/wp-content\/uploads\/sites\/4\/2023\/07\/ProvaPaFriidrott-300x167.png 300w, https:\/\/heleneholmsif.se\/friidrott\/wp-content\/uploads\/sites\/4\/2023\/07\/ProvaPaFriidrott-768x429.png 768w, https:\/\/heleneholmsif.se\/friidrott\/wp-content\/uploads\/sites\/4\/2023\/07\/ProvaPaFriidrott-1536x857.png 1536w, https:\/\/heleneholmsif.se\/friidrott\/wp-content\/uploads\/sites\/4\/2023\/07\/ProvaPaFriidrott-108x60.png 108w, https:\/\/heleneholmsif.se\/friidrott\/wp-content\/uploads\/sites\/4\/2023\/07\/ProvaPaFriidrott-1180x658.png 1180w, https:\/\/heleneholmsif.se\/friidrott\/wp-content\/uploads\/sites\/4\/2023\/07\/ProvaPaFriidrott-1920x1071.png 1920w, https:\/\/heleneholmsif.se\/friidrott\/wp-content\/uploads\/sites\/4\/2023\/07\/ProvaPaFriidrott-1140x636.png 1140w, https:\/\/heleneholmsif.se\/friidrott\/wp-content\/uploads\/sites\/4\/2023\/07\/ProvaPaFriidrott-748x417.png 748w, https:\/\/heleneholmsif.se\/friidrott\/wp-content\/uploads\/sites\/4\/2023\/07\/ProvaPaFriidrott-364x203.png 364w, https:\/\/heleneholmsif.se\/friidrott\/wp-content\/uploads\/sites\/4\/2023\/07\/ProvaPaFriidrott.png 2007w\" sizes=\"auto, (max-width: 1024px) 100vw, 1024px\" \/><\/div><\/figure><\/figure>\n","protected":false},"excerpt":{"rendered":"<p>Vi i Heleneholms IF \u00e4r vana vid att arrangera kul i Malm\u00f6 projekt genom Malm\u00f6 stad under skolloven. Nedan finner du aktuella kommande aktiviteter. I projektet kul i Malm\u00f6 \u00e4r alla v\u00e5ra aktiviteter gratis. Kommande aktivitet &#8211; Prova p\u00e5 friidrott under sommarenDatum: Vecka 31 och 32\u00a0Klockan: 10.00-13.00\u00c5lder: 6-14 \u00e5rPlats: Heleneholms IPHa med: Vattenflaska.Kostnad: gratis, spontana [&hellip;] <a href=\"https:\/\/heleneholmsif.se\/friidrott\/traning\/kul-i-malmo\/\" class=\"readmore\">L\u00e4s mer<i class=\"icon-forward\"><\/i><\/a><\/p>\n","protected":false},"author":4,"featured_media":0,"parent":12,"menu_order":0,"comment_status":"closed","ping_status":"closed","template":"","meta":{"_mi_skip_tracking":false,"footnotes":""},"class_list":["post-1938","page","type-page","status-publish","hentry"],"_links":{"self":[{"href":"https:\/\/heleneholmsif.se\/friidrott\/wp-json\/wp\/v2\/pages\/1938","targetHints":{"allow":["GET"]}}],"collection":[{"href":"https:\/\/heleneholmsif.se\/friidrott\/wp-json\/wp\/v2\/pages"}],"about":[{"href":"https:\/\/heleneholmsif.se\/friidrott\/wp-json\/wp\/v2\/types\/page"}],"author":[{"embeddable":true,"href":"https:\/\/heleneholmsif.se\/friidrott\/wp-json\/wp\/v2\/users\/4"}],"replies":[{"embeddable":true,"href":"https:\/\/heleneholmsif.se\/friidrott\/wp-json\/wp\/v2\/comments?post=1938"}],"version-history":[{"count":22,"href":"https:\/\/heleneholmsif.se\/friidrott\/wp-json\/wp\/v2\/pages\/1938\/revisions"}],"predecessor-version":[{"id":3973,"href":"https:\/\/heleneholmsif.se\/friidrott\/wp-json\/wp\/v2\/pages\/1938\/revisions\/3973"}],"up":[{"embeddable":true,"href":"https:\/\/heleneholmsif.se\/friidrott\/wp-json\/wp\/v2\/pages\/12"}],"wp:attachment":[{"href":"https:\/\/heleneholmsif.se\/friidrott\/wp-json\/wp\/v2\/media?parent=1938"}],"curies":[{"name":"wp","href":"https:\/\/api.w.org\/{rel}","templated":true}]}}