{"id":268,"date":"2016-11-14T15:30:11","date_gmt":"2016-11-14T14:30:11","guid":{"rendered":"http:\/\/heleneholmsif.se\/friidrott\/?page_id=268"},"modified":"2020-08-19T14:54:05","modified_gmt":"2020-08-19T12:54:05","slug":"resultat-statistik","status":"publish","type":"page","link":"https:\/\/heleneholmsif.se\/friidrott\/resultat-statistik\/","title":{"rendered":"Resultat &amp; Statistik"},"content":{"rendered":"<p>H\u00e4r finner du resultat &amp; statistik<\/p>\n<ul>\n<li><a href=\"http:\/\/heleneholmsif.se\/friidrott\/resultat-statistik\/resultat\/\">Senaste resultaten fr\u00e5n t\u00e4vlingar arrangerade av Heleneholms IF<\/a><\/li>\n<li><a href=\"http:\/\/heleneholmsif.se\/friidrott\/resultat-statistik\/statistik\/\">Statistik f\u00f6r Heleneholms IF<\/a><\/li>\n<li><a href=\"http:\/\/heleneholmsif.se\/friidrott\/resultat-statistik\/klubbrekord\/\">Klubbrekord f\u00f6r Heleneholms IF<\/a><\/li>\n<\/ul>\n","protected":false},"excerpt":{"rendered":"<p>H\u00e4r finner du resultat &amp; statistik Senaste resultaten fr\u00e5n t\u00e4vlingar arrangerade av Heleneholms IF Statistik f\u00f6r Heleneholms IF Klubbrekord f\u00f6r Heleneholms IF<\/p>\n","protected":false},"author":9,"featured_media":0,"parent":0,"menu_order":0,"comment_status":"closed","ping_status":"closed","template":"","meta":{"_mi_skip_tracking":false,"footnotes":""},"class_list":["post-268","page","type-page","status-publish","hentry"],"_links":{"self":[{"href":"https:\/\/heleneholmsif.se\/friidrott\/wp-json\/wp\/v2\/pages\/268","targetHints":{"allow":["GET"]}}],"collection":[{"href":"https:\/\/heleneholmsif.se\/friidrott\/wp-json\/wp\/v2\/pages"}],"about":[{"href":"https:\/\/heleneholmsif.se\/friidrott\/wp-json\/wp\/v2\/types\/page"}],"author":[{"embeddable":true,"href":"https:\/\/heleneholmsif.se\/friidrott\/wp-json\/wp\/v2\/users\/9"}],"replies":[{"embeddable":true,"href":"https:\/\/heleneholmsif.se\/friidrott\/wp-json\/wp\/v2\/comments?post=268"}],"version-history":[{"count":3,"href":"https:\/\/heleneholmsif.se\/friidrott\/wp-json\/wp\/v2\/pages\/268\/revisions"}],"predecessor-version":[{"id":3190,"href":"https:\/\/heleneholmsif.se\/friidrott\/wp-json\/wp\/v2\/pages\/268\/revisions\/3190"}],"wp:attachment":[{"href":"https:\/\/heleneholmsif.se\/friidrott\/wp-json\/wp\/v2\/media?parent=268"}],"curies":[{"name":"wp","href":"https:\/\/api.w.org\/{rel}","templated":true}]}}