{"id":333,"date":"2016-11-15T15:27:01","date_gmt":"2016-11-15T14:27:01","guid":{"rendered":"http:\/\/heleneholmsif.se\/friidrott\/?page_id=333"},"modified":"2017-11-14T13:53:53","modified_gmt":"2017-11-14T12:53:53","slug":"funktionar","status":"publish","type":"page","link":"https:\/\/heleneholmsif.se\/friidrott\/tavling\/funktionar\/","title":{"rendered":"Funktion\u00e4r"},"content":{"rendered":"<h2>FAQ<\/h2>\n<p><strong>Hur anm\u00e4ler jag mig f\u00f6r att hj\u00e4lpa till som funktion\u00e4r?<\/strong><\/p>\n<p>Vi tar tacksamt emot hj\u00e4lp. Vi har flera evenemang under \u00e5ret d\u00e4r vi kan t\u00e4nkas beh\u00f6va hj\u00e4lp s\u00e5 enklast \u00e4r att <a href=\"mailto:kansli@heleneholmsif.se\">maila hit<\/a>. Vill du ha en speciell uppgift eller gren s\u00e5 skriver du det i mailet.<\/p>\n<p><strong>Vad inneb\u00e4r det att vara funktion\u00e4r?<\/strong><\/p>\n<p>Att vara funktion\u00e4r inneb\u00e4r att vi som f\u00f6rening har m\u00f6jlighet att genomf\u00f6ra v\u00e5ra arrangemang som \u00e4r en viktig del av klubben. Som funktion\u00e4r har du en del ansvar t.ex\u00a0 t\u00e4vlingen kan genomf\u00f6ras p\u00e5 ett regelr\u00e4tt s\u00e4tt men du f\u00e5r aldrig en uppgift som du inte k\u00e4nner att du kan klara av. Exempel p\u00e5 funktion\u00e4rsuppdrag kan vara st\u00e5 i kiosk, f\u00f6ra protokoll, m\u00e4ta, kratta grop osv.<\/p>\n<p><strong>Vad f\u00e5r jag f\u00f6r att vara funktion\u00e4r?<\/strong><\/p>\n<p>Tyv\u00e4rr kan vi inte erbjuda n\u00e5gon ekonomisk ers\u00e4ttning f\u00f6r dig som funktion\u00e4r men vid n\u00e4stan alla stora arrangemang bjuder vi p\u00e5 gratis mat och dryck som tack f\u00f6r hj\u00e4lpen, detta g\u00e4ller \u00e4ven f\u00f6r ditt barn om denne t\u00e4vlar samtidigt under dagen.<\/p>\n<p><strong>Vad har min insats f\u00f6r betydelse?<\/strong><br \/>\nHar du ett aktivt barn i klubben bidrar du till att st\u00e4rka klubbens verksamhet d\u00e5 eventuella vinster fr\u00e5n evenemanget g\u00e5r tillbaka till att forts\u00e4tta utveckla verksamheten och st\u00e5 f\u00f6r anm\u00e4lningskostnader till andra t\u00e4vlingar osv. Din insats inneb\u00e4r helt enkelt b\u00e4ttre f\u00f6ruts\u00e4ttningar f\u00f6r att skapa en b\u00e4ttre och starkare klubb.<\/p>\n<p><strong>Hur l\u00e4nge varar det?<br \/>\n<\/strong>Svaret p\u00e5 denna fr\u00e5ga beror p\u00e5 vilken typ av t\u00e4vling eller evenemang som det \u00e4r. En del t\u00e4vlingar kan vara en eller tv\u00e5 heldagar men vi f\u00f6rs\u00f6ker alltid anpassa det s\u00e5 mycket som m\u00f6jligt s\u00e5 alla inte beh\u00f6ver vara d\u00e4r hela tiden. Desto fler som har m\u00f6jlighet att hj\u00e4lpa till desto mindre tid av respektive funktion\u00e4r kr\u00e4vs f\u00f6r att kunna genomf\u00f6ra t\u00e4vlingen. Skulle du ej ha m\u00f6jlighet att hj\u00e4lpa till under hela eller n\u00e5gon del av t\u00e4vlingen tar vi sj\u00e4lvklart h\u00e4nsyn till detta och anpassar s\u00e5 att schemat passar just dig. Lite hj\u00e4lp \u00e4r alltid b\u00e4ttre \u00e4n ingen alls!<\/p>\n<p><strong>Beh\u00f6ver jag tidigare erfarenhet\/f\u00f6rkunskaper?<br \/>\n<\/strong>Nej, sj\u00e4lvfallet \u00e4r en del uppgifter mer avancerade \u00e4n andra och kr\u00e4ver viss erfarenhet men \u00e4r du ny anpassar vi uppgiften efter dina f\u00f6ruts\u00e4ttningar s\u00e5 att ingen on\u00f6dig press l\u00e4ggs p\u00e5 ditt ansvar.<\/p>\n<p><strong>Hur kan jag f\u00f6rberedda mig inf\u00f6r min uppgift som funktion\u00e4r?<\/strong><strong><br \/>\n<\/strong>&#8211; P\u00e5 kansliet har vi funktion\u00e4rsb\u00f6cker som du mer \u00e4n g\u00e4rna f\u00e5r l\u00e5na. H\u00f6r av dig till <a href=\"mailto:kansli@heleneholmsif.se\">oss<\/a>.<br \/>\n&#8211; Ta del av hur det fungerar p\u00e5 en t\u00e4vling, <a href=\"http:\/\/heleneholmsif.se\/friidrott\/tavling\/bra-att-veta-infor-tavling\/\">L\u00e4s mer h\u00e4r. <\/a><br \/>\n&#8211; L\u00e4s inbjudan, tidsprogram och PM.<br \/>\n&#8211; Titta p\u00e5 andra t\u00e4vlingar om du har m\u00f6jlighet.<\/p>\n<p>Funderar du \u00f6ver n\u00e5got? H\u00f6r mer \u00e4n g\u00e4rna av dig till <a href=\"mailto:kansli@heleneholmsif.se\">oss <\/a><\/p>\n","protected":false},"excerpt":{"rendered":"<p>FAQ Hur anm\u00e4ler jag mig f\u00f6r att hj\u00e4lpa till som funktion\u00e4r? Vi tar tacksamt emot hj\u00e4lp. Vi har flera evenemang under \u00e5ret d\u00e4r vi kan t\u00e4nkas beh\u00f6va hj\u00e4lp s\u00e5 enklast \u00e4r att maila hit. Vill du ha en speciell uppgift eller gren s\u00e5 skriver du det i mailet. Vad inneb\u00e4r det att vara funktion\u00e4r? Att [&hellip;] <a href=\"https:\/\/heleneholmsif.se\/friidrott\/tavling\/funktionar\/\" class=\"readmore\">L\u00e4s mer<i class=\"icon-forward\"><\/i><\/a><\/p>\n","protected":false},"author":9,"featured_media":0,"parent":14,"menu_order":0,"comment_status":"closed","ping_status":"closed","template":"","meta":{"_mi_skip_tracking":false,"footnotes":""},"class_list":["post-333","page","type-page","status-publish","hentry"],"_links":{"self":[{"href":"https:\/\/heleneholmsif.se\/friidrott\/wp-json\/wp\/v2\/pages\/333","targetHints":{"allow":["GET"]}}],"collection":[{"href":"https:\/\/heleneholmsif.se\/friidrott\/wp-json\/wp\/v2\/pages"}],"about":[{"href":"https:\/\/heleneholmsif.se\/friidrott\/wp-json\/wp\/v2\/types\/page"}],"author":[{"embeddable":true,"href":"https:\/\/heleneholmsif.se\/friidrott\/wp-json\/wp\/v2\/users\/9"}],"replies":[{"embeddable":true,"href":"https:\/\/heleneholmsif.se\/friidrott\/wp-json\/wp\/v2\/comments?post=333"}],"version-history":[{"count":10,"href":"https:\/\/heleneholmsif.se\/friidrott\/wp-json\/wp\/v2\/pages\/333\/revisions"}],"predecessor-version":[{"id":1383,"href":"https:\/\/heleneholmsif.se\/friidrott\/wp-json\/wp\/v2\/pages\/333\/revisions\/1383"}],"up":[{"embeddable":true,"href":"https:\/\/heleneholmsif.se\/friidrott\/wp-json\/wp\/v2\/pages\/14"}],"wp:attachment":[{"href":"https:\/\/heleneholmsif.se\/friidrott\/wp-json\/wp\/v2\/media?parent=333"}],"curies":[{"name":"wp","href":"https:\/\/api.w.org\/{rel}","templated":true}]}}