{"id":339,"date":"2016-11-16T11:59:21","date_gmt":"2016-11-16T10:59:21","guid":{"rendered":"http:\/\/heleneholmsif.se\/friidrott\/?page_id=339"},"modified":"2016-12-02T10:08:51","modified_gmt":"2016-12-02T09:08:51","slug":"sociala-medier","status":"publish","type":"page","link":"https:\/\/heleneholmsif.se\/friidrott\/om-heleneholms-if-friidrott\/sociala-medier\/","title":{"rendered":"Sociala medier"},"content":{"rendered":"<p>F\u00f6lj g\u00e4rna v\u00e5r verksamhet p\u00e5 de sociala medierna. Nedan finner du l\u00e4nkar till v\u00e5ra medier samt bloggar till aktiva som skriver om sin tr\u00e4ning.<\/p>\n<figure id=\"attachment_356\" class=\"alignnone\" style=\"width: 80px;\"><a data-fancybox-title=\"Facebook\" class=\"zoom-hover fb\" href=\"https:\/\/www.facebook.com\/heleneholmsif\/\" target=\"_blank\"><img loading=\"lazy\" decoding=\"async\" class=\"wp-image-356 size-full\" src=\"http:\/\/heleneholmsif.se\/friidrott\/wp-content\/uploads\/sites\/4\/2016\/11\/faceb00k-e1479302654479.png\" width=\"80\" height=\"80\" srcset=\"https:\/\/heleneholmsif.se\/friidrott\/wp-content\/uploads\/sites\/4\/2016\/11\/faceb00k-e1479302654479.png 80w, https:\/\/heleneholmsif.se\/friidrott\/wp-content\/uploads\/sites\/4\/2016\/11\/faceb00k-e1479302654479-48x48.png 48w, https:\/\/heleneholmsif.se\/friidrott\/wp-content\/uploads\/sites\/4\/2016\/11\/faceb00k-e1479302654479-60x60.png 60w\" sizes=\"auto, (max-width: 80px) 100vw, 80px\" \/><\/a><figcaption>Facebook<\/figcaption><\/figure>\n<figure id=\"attachment_357\" class=\"alignnone\" style=\"width: 80px;\"><a data-fancybox-title=\"Instagram\" class=\"zoom-hover fb\" href=\"https:\/\/www.instagram.com\/heleneholmsif\/\"><img loading=\"lazy\" decoding=\"async\" class=\"wp-image-357\" src=\"http:\/\/heleneholmsif.se\/friidrott\/wp-content\/uploads\/sites\/4\/2016\/11\/instagram-150x150.jpeg\" alt=\"instagram\" width=\"80\" height=\"80\" srcset=\"https:\/\/heleneholmsif.se\/friidrott\/wp-content\/uploads\/sites\/4\/2016\/11\/instagram-150x150.jpeg 150w, https:\/\/heleneholmsif.se\/friidrott\/wp-content\/uploads\/sites\/4\/2016\/11\/instagram-48x48.jpeg 48w, https:\/\/heleneholmsif.se\/friidrott\/wp-content\/uploads\/sites\/4\/2016\/11\/instagram-60x60.jpeg 60w, https:\/\/heleneholmsif.se\/friidrott\/wp-content\/uploads\/sites\/4\/2016\/11\/instagram-96x96.jpeg 96w, https:\/\/heleneholmsif.se\/friidrott\/wp-content\/uploads\/sites\/4\/2016\/11\/instagram.jpeg 225w\" sizes=\"auto, (max-width: 80px) 100vw, 80px\" \/><\/a><figcaption>Instagram<\/figcaption><\/figure>\n<p><strong>Bloggar<br \/>\n<\/strong><\/p>\n<ul>\n<li><a href=\"https:\/\/mattiastrackandfield.wordpress.com\/\">Mattias Ohlsson &#8211; Medeldistans, 800m<\/a><\/li>\n<\/ul>\n","protected":false},"excerpt":{"rendered":"<p>F\u00f6lj g\u00e4rna v\u00e5r verksamhet p\u00e5 de sociala medierna. Nedan finner du l\u00e4nkar till v\u00e5ra medier samt bloggar till aktiva som skriver om sin tr\u00e4ning. Bloggar Mattias Ohlsson &#8211; Medeldistans, 800m<\/p>\n","protected":false},"author":9,"featured_media":0,"parent":6,"menu_order":0,"comment_status":"closed","ping_status":"closed","template":"","meta":{"_mi_skip_tracking":false,"footnotes":""},"class_list":["post-339","page","type-page","status-publish","hentry"],"_links":{"self":[{"href":"https:\/\/heleneholmsif.se\/friidrott\/wp-json\/wp\/v2\/pages\/339","targetHints":{"allow":["GET"]}}],"collection":[{"href":"https:\/\/heleneholmsif.se\/friidrott\/wp-json\/wp\/v2\/pages"}],"about":[{"href":"https:\/\/heleneholmsif.se\/friidrott\/wp-json\/wp\/v2\/types\/page"}],"author":[{"embeddable":true,"href":"https:\/\/heleneholmsif.se\/friidrott\/wp-json\/wp\/v2\/users\/9"}],"replies":[{"embeddable":true,"href":"https:\/\/heleneholmsif.se\/friidrott\/wp-json\/wp\/v2\/comments?post=339"}],"version-history":[{"count":18,"href":"https:\/\/heleneholmsif.se\/friidrott\/wp-json\/wp\/v2\/pages\/339\/revisions"}],"predecessor-version":[{"id":361,"href":"https:\/\/heleneholmsif.se\/friidrott\/wp-json\/wp\/v2\/pages\/339\/revisions\/361"}],"up":[{"embeddable":true,"href":"https:\/\/heleneholmsif.se\/friidrott\/wp-json\/wp\/v2\/pages\/6"}],"wp:attachment":[{"href":"https:\/\/heleneholmsif.se\/friidrott\/wp-json\/wp\/v2\/media?parent=339"}],"curies":[{"name":"wp","href":"https:\/\/api.w.org\/{rel}","templated":true}]}}

<p>Följ gärna vår verksamhet på de sociala medierna. Nedan finner du länkar till våra medier samt bloggar till aktiva som skriver om sin träning.</p>
<figure id="attachment_356" class="alignnone" style="width: 80px;"><a data-fancybox-title="Facebook" class="zoom-hover fb" href="https://www.facebook.com/heleneholmsif/" target="_blank"><img loading="lazy" decoding="async" class="wp-image-356 size-full" src="http://heleneholmsif.se/friidrott/wp-content/uploads/sites/4/2016/11/faceb00k-e1479302654479.png" width="80" height="80" srcset="https://heleneholmsif.se/friidrott/wp-content/uploads/sites/4/2016/11/faceb00k-e1479302654479.png 80w, https://heleneholmsif.se/friidrott/wp-content/uploads/sites/4/2016/11/faceb00k-e1479302654479-48x48.png 48w, https://heleneholmsif.se/friidrott/wp-content/uploads/sites/4/2016/11/faceb00k-e1479302654479-60x60.png 60w" sizes="auto, (max-width: 80px) 100vw, 80px" /></a><figcaption>Facebook</figcaption></figure>
<figure id="attachment_357" class="alignnone" style="width: 80px;"><a data-fancybox-title="Instagram" class="zoom-hover fb" href="https://www.instagram.com/heleneholmsif/"><img loading="lazy" decoding="async" class="wp-image-357" src="http://heleneholmsif.se/friidrott/wp-content/uploads/sites/4/2016/11/instagram-150x150.jpeg" alt="instagram" width="80" height="80" srcset="https://heleneholmsif.se/friidrott/wp-content/uploads/sites/4/2016/11/instagram-150x150.jpeg 150w, https://heleneholmsif.se/friidrott/wp-content/uploads/sites/4/2016/11/instagram-48x48.jpeg 48w, https://heleneholmsif.se/friidrott/wp-content/uploads/sites/4/2016/11/instagram-60x60.jpeg 60w, https://heleneholmsif.se/friidrott/wp-content/uploads/sites/4/2016/11/instagram-96x96.jpeg 96w, https://heleneholmsif.se/friidrott/wp-content/uploads/sites/4/2016/11/instagram.jpeg 225w" sizes="auto, (max-width: 80px) 100vw, 80px" /></a><figcaption>Instagram</figcaption></figure>
<p><strong>Bloggar<br />
</strong></p>
<ul>
<li><a href="https://mattiastrackandfield.wordpress.com/">Mattias Ohlsson &#8211; Medeldistans, 800m</a></li>
</ul>

<p>Följ gärna vår verksamhet på de sociala medierna. Nedan finner du länkar till våra medier samt bloggar till aktiva som skriver om sin träning. Bloggar Mattias Ohlsson &#8211; Medeldistans, 800m</p>
