{"id":394,"date":"2016-11-17T16:21:36","date_gmt":"2016-11-17T15:21:36","guid":{"rendered":"http:\/\/heleneholmsif.se\/friidrott\/?page_id=394"},"modified":"2017-10-13T09:46:35","modified_gmt":"2017-10-13T07:46:35","slug":"klubbhus","status":"publish","type":"page","link":"https:\/\/heleneholmsif.se\/friidrott\/om-heleneholms-if-friidrott\/klubbhus\/","title":{"rendered":"Klubbhus"},"content":{"rendered":"<p>Heleneholms IF har ett eget vackert klubbhus som ligger strax intill Heleneholms IP. Det \u00e4r h\u00e4rifr\u00e5n en stor del av verksamheten bedrivs genom kansliet som sitter bemannat h\u00e4r under dagtid. P\u00e5 kv\u00e4llar utnyttjas lokalen fr\u00e4mst f\u00f6r m\u00f6ten men ocks\u00e5 f\u00f6r sociala verksamheter som t.ex m\u00e5ndagsfika efter l\u00f6pning, samling f\u00f6r medlemmar osv. <a href=\"http:\/\/kartor.eniro.se\/m\/m7aFg\">Hitta hit<\/a><\/p>\n<figure id=\"attachment_449\" class=\"alignnone\" style=\"width: 1024px;\"><a data-fancybox-title=\"<em>Heleneholms IF kansli<\/em>\" class=\"zoom-hover fb\" href=\"http:\/\/heleneholmsif.se\/friidrott\/wp-content\/uploads\/sites\/4\/2016\/11\/20161123_133811.jpg\"><img loading=\"lazy\" decoding=\"async\" class=\"wp-image-449 size-large\" src=\"http:\/\/heleneholmsif.se\/friidrott\/wp-content\/uploads\/sites\/4\/2016\/11\/20161123_133811-1024x576.jpg\" alt=\"20161123_133811\" width=\"1024\" height=\"576\" srcset=\"https:\/\/heleneholmsif.se\/friidrott\/wp-content\/uploads\/sites\/4\/2016\/11\/20161123_133811-1024x576.jpg 1024w, https:\/\/heleneholmsif.se\/friidrott\/wp-content\/uploads\/sites\/4\/2016\/11\/20161123_133811-300x169.jpg 300w, https:\/\/heleneholmsif.se\/friidrott\/wp-content\/uploads\/sites\/4\/2016\/11\/20161123_133811-768x432.jpg 768w, https:\/\/heleneholmsif.se\/friidrott\/wp-content\/uploads\/sites\/4\/2016\/11\/20161123_133811-107x60.jpg 107w, https:\/\/heleneholmsif.se\/friidrott\/wp-content\/uploads\/sites\/4\/2016\/11\/20161123_133811-1180x664.jpg 1180w, https:\/\/heleneholmsif.se\/friidrott\/wp-content\/uploads\/sites\/4\/2016\/11\/20161123_133811-1920x1080.jpg 1920w, https:\/\/heleneholmsif.se\/friidrott\/wp-content\/uploads\/sites\/4\/2016\/11\/20161123_133811-1140x641.jpg 1140w, https:\/\/heleneholmsif.se\/friidrott\/wp-content\/uploads\/sites\/4\/2016\/11\/20161123_133811-748x421.jpg 748w, https:\/\/heleneholmsif.se\/friidrott\/wp-content\/uploads\/sites\/4\/2016\/11\/20161123_133811-364x205.jpg 364w\" sizes=\"auto, (max-width: 1024px) 100vw, 1024px\" \/><\/a><figcaption><em>Heleneholms IF kansli<\/em><\/figcaption><\/figure>\n<p>&nbsp;<\/p>\n","protected":false},"excerpt":{"rendered":"<p>Heleneholms IF har ett eget vackert klubbhus som ligger strax intill Heleneholms IP. Det \u00e4r h\u00e4rifr\u00e5n en stor del av verksamheten bedrivs genom kansliet som sitter bemannat h\u00e4r under dagtid. P\u00e5 kv\u00e4llar utnyttjas lokalen fr\u00e4mst f\u00f6r m\u00f6ten men ocks\u00e5 f\u00f6r sociala verksamheter som t.ex m\u00e5ndagsfika efter l\u00f6pning, samling f\u00f6r medlemmar osv. Hitta hit &nbsp;<\/p>\n","protected":false},"author":9,"featured_media":0,"parent":6,"menu_order":0,"comment_status":"closed","ping_status":"closed","template":"","meta":{"_mi_skip_tracking":false,"footnotes":""},"class_list":["post-394","page","type-page","status-publish","hentry"],"_links":{"self":[{"href":"https:\/\/heleneholmsif.se\/friidrott\/wp-json\/wp\/v2\/pages\/394","targetHints":{"allow":["GET"]}}],"collection":[{"href":"https:\/\/heleneholmsif.se\/friidrott\/wp-json\/wp\/v2\/pages"}],"about":[{"href":"https:\/\/heleneholmsif.se\/friidrott\/wp-json\/wp\/v2\/types\/page"}],"author":[{"embeddable":true,"href":"https:\/\/heleneholmsif.se\/friidrott\/wp-json\/wp\/v2\/users\/9"}],"replies":[{"embeddable":true,"href":"https:\/\/heleneholmsif.se\/friidrott\/wp-json\/wp\/v2\/comments?post=394"}],"version-history":[{"count":6,"href":"https:\/\/heleneholmsif.se\/friidrott\/wp-json\/wp\/v2\/pages\/394\/revisions"}],"predecessor-version":[{"id":1303,"href":"https:\/\/heleneholmsif.se\/friidrott\/wp-json\/wp\/v2\/pages\/394\/revisions\/1303"}],"up":[{"embeddable":true,"href":"https:\/\/heleneholmsif.se\/friidrott\/wp-json\/wp\/v2\/pages\/6"}],"wp:attachment":[{"href":"https:\/\/heleneholmsif.se\/friidrott\/wp-json\/wp\/v2\/media?parent=394"}],"curies":[{"name":"wp","href":"https:\/\/api.w.org\/{rel}","templated":true}]}}