{"id":4,"date":"2016-03-24T15:06:58","date_gmt":"2016-03-24T14:06:58","guid":{"rendered":"http:\/\/heleneholmsif.se\/friidrott\/?page_id=4"},"modified":"2024-01-19T15:36:13","modified_gmt":"2024-01-19T14:36:13","slug":"hem","status":"publish","type":"page","link":"https:\/\/heleneholmsif.se\/friidrott\/","title":{"rendered":"Friidrott"},"content":{"rendered":"<p><b>Skulle du vilja b\u00f6rja tr\u00e4na friidrott i Heleneholms IF under v\u00e5ren?<\/b><\/p>\n<p>Heleneholms IF \u00e4r en familj\u00e4r friidrottsf\u00f6rening i Malm\u00f6 d\u00e4r <strong>gl\u00e4dje<\/strong>, <strong>gemenskap<\/strong> och <strong>utveckling<\/strong> \u00e4r h\u00f6rnstenarna i v\u00e5r verksamhet. I Heleneholms IF blir <strong>alla aktiva sedda<\/strong> och vi har n\u00e4ra relation mellan alla v\u00e5ra grupper vilket \u00e4r v\u00e5r styrka och skapar en <strong>unik gemenskap <\/strong>och<strong> identitet<\/strong> tillsammans med v\u00e5ra engagerade ledare. Vi har nu dragit ig\u00e5ng v\u00e5ra tr\u00e4ningsgrupper och du kan anm\u00e4la dig eller ditt barn <a href=\"https:\/\/sportadmin.se\/form\/form.asp?ID=116C7ACF-F6BA-452A-A429-BE9635F3CBBE\">h\u00e4r<\/a>.<\/p>\n<p>Vi bedriver just nu friidrott p\u00e5 tre st\u00e4llen i Malm\u00f6, Heleneholms IP, Malm\u00f6 stadion och ute i Oxie.<br \/>Vi har tr\u00e4ningsgrupper fr\u00e5n sex \u00e5r upp till junior\/elit\/veteran. I yngsta \u00e5ldrarna f\u00e5r barnen tr\u00e4na alla grenar utifr\u00e5n deras niv\u00e5 blandat med lek. D\u00e4refter l\u00e4ggs det in en del fokus p\u00e5 teknik och koordination. N\u00e4r du blir \u00e4ldre finns m\u00f6jligheten att specialisera sig inom en viss gren om du \u00f6nskar. Ut\u00f6ver tr\u00e4ning tillkommer t\u00e4vlingar och andra viktiga sociala aktiviter.\u00a0<\/p>\n<p>Det \u00e4r aldrig f\u00f6rsent att b\u00f6rja tr\u00e4na friidrott. Friidrott \u00e4r \u00e4ven en perfekt komplement till andra idrotter, vi st\u00f6ttar aktiva som h\u00e5ller p\u00e5 med flera idrotter. Nyanm\u00e4lan och vilka grupper d\u00e4r vi har lediga platser hittas nedan<strong>.<\/strong> Anm\u00e4l dig redan idag, hittar du ingen l\u00e4mplig grupp s\u00e5 v\u00e4lj &#8221;intresseanm\u00e4lan&#8221;, s\u00e5 \u00e5terkommer vi s\u00e5 snart vi kan!<\/p>\n<p><a href=\"https:\/\/sportadmin.se\/form\/form.asp?ID=116C7ACF-F6BA-452A-A429-BE9635F3CBBE\">Anm\u00e4lan till v\u00e5ra tr\u00e4ningsgrupper hittas h\u00e4r!<\/a><br \/>&#8212;&#8212;<\/p>\n<p><strong>Behov av fler ledare f\u00f6r att starta nya friidrottsgrupper<\/strong><br \/>M\u00e5nga av v\u00e5ra grupper b\u00f6rjar f\u00e5 ont om platser. F\u00f6r att kunna starta upp fler grupper eller v\u00e4xa i nuvarande beh\u00f6ver vi f\u00e5 in nya ledare. Om du \u00e4r intresserad av att vara ledare f\u00f6r en grupp antingen p\u00e5 v\u00e5ra existerande omr\u00e5den eller i n\u00e5got n\u00e4romr\u00e5de, h\u00f6r g\u00e4rna av dig till oss <a href=\"mailto:andre@heleneholmsif.se\">andre@heleneholmsif.se<\/a>.\u00a0 F\u00f6reningen st\u00e5r f\u00f6r utbildningskostnad, arvode m.m. \u00c5ldersgr\u00e4ns f\u00f6r att bli huvudtr\u00e4nare \u00e4r 15 \u00e5r. Att se barn och ungdomar utvecklas \u00e4r v\u00e4ldigt givande. Du beh\u00f6ver inte kunna mycket om friidrott sedan tidigare, viktigare \u00e4r gl\u00e4dje, ansvarsk\u00e4nsla och passion f\u00f6r att hj\u00e4lpa aktiva i deras idrottsresa.<\/p>\n<p>Mer info om v\u00e5ra grupper och vart dessa tr\u00e4nar hittar du <a href=\"http:\/\/heleneholmsif.se\/friidrott\/traning\/traningsgrupper\/\">h\u00e4r<\/a>.<\/p>\n<figure id=\"attachment_2463\" class=\"alignnone\" style=\"width: 1024px;\"><a data-fancybox-title=\"\" class=\"zoom-hover fb\" href=\"http:\/\/heleneholmsif.se\/friidrott\/wp-content\/uploads\/sites\/4\/2019\/09\/Annonsbild-facebook-Heleneholms-IF-2019.jpg\"><img loading=\"lazy\" decoding=\"async\" class=\" wp-image-2463 size-large\" src=\"http:\/\/heleneholmsif.se\/friidrott\/wp-content\/uploads\/sites\/4\/2019\/09\/Annonsbild-facebook-Heleneholms-IF-2019-1024x536.jpg\" alt=\"\" width=\"1024\" height=\"536\" srcset=\"https:\/\/heleneholmsif.se\/friidrott\/wp-content\/uploads\/sites\/4\/2019\/09\/Annonsbild-facebook-Heleneholms-IF-2019-1024x536.jpg 1024w, https:\/\/heleneholmsif.se\/friidrott\/wp-content\/uploads\/sites\/4\/2019\/09\/Annonsbild-facebook-Heleneholms-IF-2019-300x157.jpg 300w, https:\/\/heleneholmsif.se\/friidrott\/wp-content\/uploads\/sites\/4\/2019\/09\/Annonsbild-facebook-Heleneholms-IF-2019-768x402.jpg 768w, https:\/\/heleneholmsif.se\/friidrott\/wp-content\/uploads\/sites\/4\/2019\/09\/Annonsbild-facebook-Heleneholms-IF-2019-115x60.jpg 115w, https:\/\/heleneholmsif.se\/friidrott\/wp-content\/uploads\/sites\/4\/2019\/09\/Annonsbild-facebook-Heleneholms-IF-2019-1180x618.jpg 1180w, https:\/\/heleneholmsif.se\/friidrott\/wp-content\/uploads\/sites\/4\/2019\/09\/Annonsbild-facebook-Heleneholms-IF-2019-1140x597.jpg 1140w, https:\/\/heleneholmsif.se\/friidrott\/wp-content\/uploads\/sites\/4\/2019\/09\/Annonsbild-facebook-Heleneholms-IF-2019-748x391.jpg 748w, https:\/\/heleneholmsif.se\/friidrott\/wp-content\/uploads\/sites\/4\/2019\/09\/Annonsbild-facebook-Heleneholms-IF-2019-364x190.jpg 364w, https:\/\/heleneholmsif.se\/friidrott\/wp-content\/uploads\/sites\/4\/2019\/09\/Annonsbild-facebook-Heleneholms-IF-2019.jpg 1200w\" sizes=\"auto, (max-width: 1024px) 100vw, 1024px\" \/><\/a><\/figure>\n<p style=\"text-align: left;\">Varmt v\u00e4lkommen till Heleneholms IF Friidrottssektion. P\u00e5 denna sida hittar du all information som ber\u00f6r v\u00e5r friidrottsverksamhet. Du navigerar enkelt i menyraden ovan. <p class=\"rating\"><i class=\"icon-rating\"><\/i><i class=\"icon-rating\"><\/i><i class=\"icon-rating\"><\/i><i class=\"icon-rating\"><\/i><i class=\"icon-rating\"><\/i><br \/> <\/p>\n<p><strong>Heleneholms IF: Tr\u00e4ning &#8211; Gl\u00e4dje &#8211; Utveckling &amp; Gemenskap\u00a0<\/strong><\/p>\n<hr \/>\n<p><strong>Menyraden \u00e4r uppdelad p\u00e5 f\u00f6ljande s\u00e4tt:<\/strong><\/p>\n<ul>\n<li><a href=\"http:\/\/heleneholmsif.se\/friidrott\/om-heleneholms-if-friidrott\/\">Om Heleneholm friidrott<\/a> &#8211; Allm\u00e4n information om v\u00e5r friidrottssektion<\/li>\n<li><a href=\"http:\/\/heleneholmsif.se\/friidrott\/bli-medlem\/\">Bli medlem<\/a> &#8211; Info om priser, medlemskap m.m.<\/li>\n<li><a href=\"http:\/\/heleneholmsif.se\/friidrott\/traning\/\">Tr\u00e4ning<\/a> &#8211; Info om v\u00e5r verksamhet, tr\u00e4ningsgrupper, tider, platser.<\/li>\n<li><a href=\"http:\/\/heleneholmsif.se\/friidrott\/tavling\/\">T\u00e4vling<\/a> &#8211; T\u00e4vlingskalender, anm\u00e4lan till t\u00e4vlingar, hur fungerar det t\u00e4vling m.m.<\/li>\n<li><a href=\"http:\/\/heleneholmsif.se\/friidrott\/arrangemang\/\">Arrangemang<\/a> &#8211; Friidrottens arrangemang under \u00e5ret.<\/li>\n<li><a href=\"http:\/\/heleneholmsif.se\/friidrott\/resultat-statistik\/\">Resultat &amp; statistik<\/a> &#8211; All m\u00f6jlig form av resultat\/statistik.<\/li>\n<li><a href=\"http:\/\/heleneholmsif.se\/friidrott\/lankar\/\">L\u00e4nkar<\/a> &#8211; L\u00e4nkar som ber\u00f6r friidrott\/idrottsorganisationer.<\/li>\n<li><a href=\"http:\/\/heleneholmsif.se\/friidrott\/kontakt\/\">Kontakt<\/a> &#8211; H\u00e4r hittar du oss.<\/li>\n<li><a href=\"http:\/\/heleneholmsif.se\/friidrott\/nyheter\/\">Nyheter<\/a> &#8211; Senaste aktuella h\u00e4ndelser.<\/li>\n<\/ul>\n\n\n<p class=\"has-text-align-center\"><strong>Arrangemang<\/strong><\/p>\n\n\n\n<p class=\"has-text-align-center\"><a href=\"https:\/\/heleneholmsif.se\/friidrott\/arrangemang\/sista-chansen\/\"><a href=\"https:\/\/pallasspelen.ik-pallas.se\/\">Pallasspelen<\/a> (friidrottst\u00e4vling) 27-28 januari<br><a href=\"https:\/\/heleneholmsif.se\/friidrott\/arrangemang\/atleticumsspelen\/\">Atleticumspelen<\/a> (friidrottst\u00e4vling) 10-11 februari<\/a><\/p>\n","protected":false},"excerpt":{"rendered":"<p>Skulle du vilja b\u00f6rja tr\u00e4na friidrott i Heleneholms IF under v\u00e5ren? Heleneholms IF \u00e4r en familj\u00e4r friidrottsf\u00f6rening i Malm\u00f6 d\u00e4r gl\u00e4dje, gemenskap och utveckling \u00e4r h\u00f6rnstenarna i v\u00e5r verksamhet. I Heleneholms IF blir alla aktiva sedda och vi har n\u00e4ra relation mellan alla v\u00e5ra grupper vilket \u00e4r v\u00e5r styrka och skapar en unik gemenskap och [&hellip;] <a href=\"https:\/\/heleneholmsif.se\/friidrott\/\" class=\"readmore\">L\u00e4s mer<i class=\"icon-forward\"><\/i><\/a><\/p>\n","protected":false},"author":1,"featured_media":0,"parent":0,"menu_order":1,"comment_status":"closed","ping_status":"closed","template":"custom-page.php","meta":{"_mi_skip_tracking":false,"footnotes":""},"class_list":["post-4","page","type-page","status-publish","hentry"],"_links":{"self":[{"href":"https:\/\/heleneholmsif.se\/friidrott\/wp-json\/wp\/v2\/pages\/4","targetHints":{"allow":["GET"]}}],"collection":[{"href":"https:\/\/heleneholmsif.se\/friidrott\/wp-json\/wp\/v2\/pages"}],"about":[{"href":"https:\/\/heleneholmsif.se\/friidrott\/wp-json\/wp\/v2\/types\/page"}],"author":[{"embeddable":true,"href":"https:\/\/heleneholmsif.se\/friidrott\/wp-json\/wp\/v2\/users\/1"}],"replies":[{"embeddable":true,"href":"https:\/\/heleneholmsif.se\/friidrott\/wp-json\/wp\/v2\/comments?post=4"}],"version-history":[{"count":162,"href":"https:\/\/heleneholmsif.se\/friidrott\/wp-json\/wp\/v2\/pages\/4\/revisions"}],"predecessor-version":[{"id":4152,"href":"https:\/\/heleneholmsif.se\/friidrott\/wp-json\/wp\/v2\/pages\/4\/revisions\/4152"}],"wp:attachment":[{"href":"https:\/\/heleneholmsif.se\/friidrott\/wp-json\/wp\/v2\/media?parent=4"}],"curies":[{"name":"wp","href":"https:\/\/api.w.org\/{rel}","templated":true}]}}