{"id":4024,"date":"2023-08-21T23:37:44","date_gmt":"2023-08-21T21:37:44","guid":{"rendered":"https:\/\/heleneholmsif.se\/friidrott\/?page_id=4024"},"modified":"2023-09-08T18:20:36","modified_gmt":"2023-09-08T16:20:36","slug":"heleneholmshoppet","status":"publish","type":"page","link":"https:\/\/heleneholmsif.se\/friidrott\/heleneholmshoppet\/","title":{"rendered":"Heleneholmshoppet"},"content":{"rendered":"\n<p>Heleneholmshoppet \u00e4r n\u00e5gra enklare resultatt\u00e4vlingar i hopp som vi t\u00e4nkt arrangera vid tv\u00e5 tillf\u00e4llen under h\u00f6sten, fr\u00e4mst f\u00f6r att de som ska t\u00e4vla p\u00e5 G\u00f6talandsm\u00e4sterskapen ska f\u00e5 t\u00e4vlingar i hoppgrenarna.<br><br>Onsdagen 30\/8 Heleneholmshoppet #1 &#8211;  L\u00e4ngd<br>Torsdagen 7\/8 Heleneholmshoppet #2  &#8211; H\u00f6jd &amp; tresteg<br>Platsen \u00e4r Malm\u00f6 Stadion, start fr\u00e5n kl.18.<br><br><br><a href=\"https:\/\/heleneholmsif.se\/friidrott\/wp-content\/uploads\/sites\/4\/2023\/08\/Inbjudan-hopptavlingar.pdf\">Inbjudan<\/a><br>Anm\u00e4lan: <a href=\"https:\/\/easyrecord.se\/entry?wXVUxx\">Heleneholmskastet #2<\/a><br>Startlista:  <a href=\"https:\/\/easyrecord.se\/startlist?r-ZM88\">Heleneholmskastet #1<\/a> |  <a href=\"https:\/\/easyrecord.se\/startlist?wXVUxx\">Heleneholmskastet #2<\/a><br>Resultat:  <a href=\"https:\/\/easyrecord.se\/result?r-ZM88\">Heleneholmskastet #1<\/a> |  <a href=\"https:\/\/www.easyrecord.se\/result?wXVUxx\">Heleneholmskastet #2<\/a><\/p>\n","protected":false},"excerpt":{"rendered":"<p>Heleneholmshoppet \u00e4r n\u00e5gra enklare resultatt\u00e4vlingar i hopp som vi t\u00e4nkt arrangera vid tv\u00e5 tillf\u00e4llen under h\u00f6sten, fr\u00e4mst f\u00f6r att de som ska t\u00e4vla p\u00e5 G\u00f6talandsm\u00e4sterskapen ska f\u00e5 t\u00e4vlingar i hoppgrenarna. Onsdagen 30\/8 Heleneholmshoppet #1 &#8211; L\u00e4ngdTorsdagen 7\/8 Heleneholmshoppet #2 &#8211; H\u00f6jd &amp; trestegPlatsen \u00e4r Malm\u00f6 Stadion, start fr\u00e5n kl.18. InbjudanAnm\u00e4lan: Heleneholmskastet #2Startlista: Heleneholmskastet #1 | [&hellip;] <a href=\"https:\/\/heleneholmsif.se\/friidrott\/heleneholmshoppet\/\" class=\"readmore\">L\u00e4s mer<i class=\"icon-forward\"><\/i><\/a><\/p>\n","protected":false},"author":9,"featured_media":0,"parent":0,"menu_order":0,"comment_status":"closed","ping_status":"closed","template":"","meta":{"_mi_skip_tracking":false,"footnotes":""},"class_list":["post-4024","page","type-page","status-publish","hentry"],"_links":{"self":[{"href":"https:\/\/heleneholmsif.se\/friidrott\/wp-json\/wp\/v2\/pages\/4024","targetHints":{"allow":["GET"]}}],"collection":[{"href":"https:\/\/heleneholmsif.se\/friidrott\/wp-json\/wp\/v2\/pages"}],"about":[{"href":"https:\/\/heleneholmsif.se\/friidrott\/wp-json\/wp\/v2\/types\/page"}],"author":[{"embeddable":true,"href":"https:\/\/heleneholmsif.se\/friidrott\/wp-json\/wp\/v2\/users\/9"}],"replies":[{"embeddable":true,"href":"https:\/\/heleneholmsif.se\/friidrott\/wp-json\/wp\/v2\/comments?post=4024"}],"version-history":[{"count":5,"href":"https:\/\/heleneholmsif.se\/friidrott\/wp-json\/wp\/v2\/pages\/4024\/revisions"}],"predecessor-version":[{"id":4043,"href":"https:\/\/heleneholmsif.se\/friidrott\/wp-json\/wp\/v2\/pages\/4024\/revisions\/4043"}],"wp:attachment":[{"href":"https:\/\/heleneholmsif.se\/friidrott\/wp-json\/wp\/v2\/media?parent=4024"}],"curies":[{"name":"wp","href":"https:\/\/api.w.org\/{rel}","templated":true}]}}