{"id":180,"date":"2016-11-24T05:19:30","date_gmt":"2016-11-24T04:19:30","guid":{"rendered":"http:\/\/heleneholmsif.se\/langlopning\/?page_id=180"},"modified":"2017-09-04T13:12:40","modified_gmt":"2017-09-04T11:12:40","slug":"medlem","status":"publish","type":"page","link":"https:\/\/heleneholmsif.se\/langlopning\/medlem\/","title":{"rendered":"Medlem"},"content":{"rendered":"<p>Att vara medlem i en idrottsf\u00f6rening inneb\u00e4r fokus p\u00e5 h\u00e4lsa, mycket gl\u00e4dje och gemenskap. F\u00f6rutom aktiva tr\u00e4ningspass har vi inom f\u00f6reningen och sektionen sociala aktiviteter som vi tror \u00e4r minst lika viktiga f\u00f6r att kunna bygga en stark och tilltalande f\u00f6rening. Heleneholms IF ska vara en f\u00f6rening som \u00e4r \u00f6ppen och passa alla i samh\u00e4llet oavsett om man tr\u00e4nar f\u00f6r att bli elit eller endast s\u00f6ker efter en social samvaro. Mer om vad det inneb\u00e4r att vara medlem i Heleneholms IF kan du l\u00e4sa p\u00e5 underrubrikerna\u00a0 p\u00e5 v\u00e4nster sida.<\/p>\n<figure id=\"attachment_814\" class=\"alignnone\" style=\"width: 605px;\"><a data-fancybox-title=\"\" class=\"zoom-hover fb\" href=\"http:\/\/heleneholmsif.se\/langlopning\/medlem\/traningslager-langloparna\/\" rel=\"attachment wp-att-814\"><img loading=\"lazy\" decoding=\"async\" class=\" size-full wp-image-814\" src=\"http:\/\/heleneholmsif.se\/langlopning\/wp-content\/uploads\/sites\/5\/2016\/11\/tr\u00e4ningsl\u00e4ger-l\u00e5ngl\u00f6parna.jpg\" alt=\"\" width=\"605\" height=\"595\" srcset=\"https:\/\/heleneholmsif.se\/langlopning\/wp-content\/uploads\/sites\/5\/2016\/11\/tr\u00e4ningsl\u00e4ger-l\u00e5ngl\u00f6parna.jpg 605w, https:\/\/heleneholmsif.se\/langlopning\/wp-content\/uploads\/sites\/5\/2016\/11\/tr\u00e4ningsl\u00e4ger-l\u00e5ngl\u00f6parna-300x295.jpg 300w, https:\/\/heleneholmsif.se\/langlopning\/wp-content\/uploads\/sites\/5\/2016\/11\/tr\u00e4ningsl\u00e4ger-l\u00e5ngl\u00f6parna-48x48.jpg 48w, https:\/\/heleneholmsif.se\/langlopning\/wp-content\/uploads\/sites\/5\/2016\/11\/tr\u00e4ningsl\u00e4ger-l\u00e5ngl\u00f6parna-61x60.jpg 61w, https:\/\/heleneholmsif.se\/langlopning\/wp-content\/uploads\/sites\/5\/2016\/11\/tr\u00e4ningsl\u00e4ger-l\u00e5ngl\u00f6parna-364x358.jpg 364w\" sizes=\"auto, (max-width: 605px) 100vw, 605px\" \/><\/a><\/figure>\n","protected":false},"excerpt":{"rendered":"<p>Att vara medlem i en idrottsf\u00f6rening inneb\u00e4r fokus p\u00e5 h\u00e4lsa, mycket gl\u00e4dje och gemenskap. F\u00f6rutom aktiva tr\u00e4ningspass har vi inom f\u00f6reningen och sektionen sociala aktiviteter som vi tror \u00e4r minst lika viktiga f\u00f6r att kunna bygga en stark och tilltalande f\u00f6rening. Heleneholms IF ska vara en f\u00f6rening som \u00e4r \u00f6ppen och passa alla i samh\u00e4llet [&hellip;] <a href=\"https:\/\/heleneholmsif.se\/langlopning\/medlem\/\" class=\"readmore\">L\u00e4s mer<i class=\"icon-forward\"><\/i><\/a><\/p>\n","protected":false},"author":7,"featured_media":0,"parent":0,"menu_order":0,"comment_status":"closed","ping_status":"closed","template":"","meta":{"_mi_skip_tracking":false,"footnotes":""},"class_list":["post-180","page","type-page","status-publish","hentry"],"_links":{"self":[{"href":"https:\/\/heleneholmsif.se\/langlopning\/wp-json\/wp\/v2\/pages\/180","targetHints":{"allow":["GET"]}}],"collection":[{"href":"https:\/\/heleneholmsif.se\/langlopning\/wp-json\/wp\/v2\/pages"}],"about":[{"href":"https:\/\/heleneholmsif.se\/langlopning\/wp-json\/wp\/v2\/types\/page"}],"author":[{"embeddable":true,"href":"https:\/\/heleneholmsif.se\/langlopning\/wp-json\/wp\/v2\/users\/7"}],"replies":[{"embeddable":true,"href":"https:\/\/heleneholmsif.se\/langlopning\/wp-json\/wp\/v2\/comments?post=180"}],"version-history":[{"count":5,"href":"https:\/\/heleneholmsif.se\/langlopning\/wp-json\/wp\/v2\/pages\/180\/revisions"}],"predecessor-version":[{"id":815,"href":"https:\/\/heleneholmsif.se\/langlopning\/wp-json\/wp\/v2\/pages\/180\/revisions\/815"}],"wp:attachment":[{"href":"https:\/\/heleneholmsif.se\/langlopning\/wp-json\/wp\/v2\/media?parent=180"}],"curies":[{"name":"wp","href":"https:\/\/api.w.org\/{rel}","templated":true}]}}