{"id":192,"date":"2016-11-24T05:24:41","date_gmt":"2016-11-24T04:24:41","guid":{"rendered":"http:\/\/heleneholmsif.se\/langlopning\/?page_id=192"},"modified":"2024-01-19T15:46:59","modified_gmt":"2024-01-19T14:46:59","slug":"klubbklader","status":"publish","type":"page","link":"https:\/\/heleneholmsif.se\/langlopning\/om-hif-langlopning\/klubbklader\/","title":{"rendered":"Klubbkl\u00e4der"},"content":{"rendered":"\n<p>Heleneholms IF har ett samarbete med Trimtex och Fronta Arl\u00f6vs reklam\/Craft och har en kollektion av specialdesignade tr\u00e4ning- och t\u00e4vlingskl\u00e4der exklusivt f\u00f6r Heleneholms IF medlemmar. Grundf\u00e4rgerna i t\u00e4vlingsdressen \u00e4r r\u00f6d\/ vit \u00f6verdel med v\u00e5ran logga samt valfri svart\/m\u00f6rk underdel. T\u00e4vlingskl\u00e4der fr\u00e5n Trimtex best\u00e4lls tv\u00e5 g\u00e5nger per \u00e5r, en g\u00e5ng p\u00e5 h\u00f6sten och en g\u00e5ng p\u00e5 v\u00e5ren. Det kommer ut mejl om detta inf\u00f6r att shopen \u00f6ppnas. Tr\u00e4ningskl\u00e4der best\u00e4lls viaformul\u00e4r som skickas ut fr\u00e5n kansliet ett par g\u00e5nger per \u00e5r.<\/p>\n\n\n\n<p><\/p>\n\n\n\n<p><\/p>\n\n\n\n<hr class=\"wp-block-separator\"\/>\n\n\n\n<p><\/p>\n","protected":false},"excerpt":{"rendered":"<p>Heleneholms IF har ett samarbete med Trimtex och Fronta Arl\u00f6vs reklam\/Craft och har en kollektion av specialdesignade tr\u00e4ning- och t\u00e4vlingskl\u00e4der exklusivt f\u00f6r Heleneholms IF medlemmar. Grundf\u00e4rgerna i t\u00e4vlingsdressen \u00e4r r\u00f6d\/ vit \u00f6verdel med v\u00e5ran logga samt valfri svart\/m\u00f6rk underdel. T\u00e4vlingskl\u00e4der fr\u00e5n Trimtex best\u00e4lls tv\u00e5 g\u00e5nger per \u00e5r, en g\u00e5ng p\u00e5 h\u00f6sten och en g\u00e5ng p\u00e5 [&hellip;] <a href=\"https:\/\/heleneholmsif.se\/langlopning\/om-hif-langlopning\/klubbklader\/\" class=\"readmore\">L\u00e4s mer<i class=\"icon-forward\"><\/i><\/a><\/p>\n","protected":false},"author":7,"featured_media":0,"parent":6,"menu_order":7,"comment_status":"closed","ping_status":"closed","template":"","meta":{"_mi_skip_tracking":false,"footnotes":""},"class_list":["post-192","page","type-page","status-publish","hentry"],"_links":{"self":[{"href":"https:\/\/heleneholmsif.se\/langlopning\/wp-json\/wp\/v2\/pages\/192","targetHints":{"allow":["GET"]}}],"collection":[{"href":"https:\/\/heleneholmsif.se\/langlopning\/wp-json\/wp\/v2\/pages"}],"about":[{"href":"https:\/\/heleneholmsif.se\/langlopning\/wp-json\/wp\/v2\/types\/page"}],"author":[{"embeddable":true,"href":"https:\/\/heleneholmsif.se\/langlopning\/wp-json\/wp\/v2\/users\/7"}],"replies":[{"embeddable":true,"href":"https:\/\/heleneholmsif.se\/langlopning\/wp-json\/wp\/v2\/comments?post=192"}],"version-history":[{"count":7,"href":"https:\/\/heleneholmsif.se\/langlopning\/wp-json\/wp\/v2\/pages\/192\/revisions"}],"predecessor-version":[{"id":4493,"href":"https:\/\/heleneholmsif.se\/langlopning\/wp-json\/wp\/v2\/pages\/192\/revisions\/4493"}],"up":[{"embeddable":true,"href":"https:\/\/heleneholmsif.se\/langlopning\/wp-json\/wp\/v2\/pages\/6"}],"wp:attachment":[{"href":"https:\/\/heleneholmsif.se\/langlopning\/wp-json\/wp\/v2\/media?parent=192"}],"curies":[{"name":"wp","href":"https:\/\/api.w.org\/{rel}","templated":true}]}}