{"id":202,"date":"2016-11-26T05:07:40","date_gmt":"2016-11-26T04:07:40","guid":{"rendered":"http:\/\/heleneholmsif.se\/langlopning\/?page_id=202"},"modified":"2023-01-02T17:03:52","modified_gmt":"2023-01-02T16:03:52","slug":"interna-tavlingar","status":"publish","type":"page","link":"https:\/\/heleneholmsif.se\/langlopning\/interna-tavlingar\/","title":{"rendered":"Interna t\u00e4vlingar"},"content":{"rendered":"<p>F\u00f6rutom v\u00e5ra publika arrangemang har vi \u00e4ven en del t\u00e4vlingar speciellt f\u00f6r L-sektionens medlemmar.<\/p>\n<p>2018 har vi f\u00f6ljande interna t\u00e4vlingar:<\/p>\n<ul>\n<li>Seriel\u00f6pet<\/li>\n<li>Sektionsm\u00e4sterskapet bana<\/li>\n<li>Midsommarsv\u00e4ngen &#8211; h\u00e4r ing\u00e5r \u00e4ven sektionens terr\u00e4ngm\u00e4sterskap<\/li>\n<li>Klappjakten<\/li>\n<\/ul>\n","protected":false},"excerpt":{"rendered":"<p>F\u00f6rutom v\u00e5ra publika arrangemang har vi \u00e4ven en del t\u00e4vlingar speciellt f\u00f6r L-sektionens medlemmar. 2018 har vi f\u00f6ljande interna t\u00e4vlingar: Seriel\u00f6pet Sektionsm\u00e4sterskapet bana Midsommarsv\u00e4ngen &#8211; h\u00e4r ing\u00e5r \u00e4ven sektionens terr\u00e4ngm\u00e4sterskap Klappjakten<\/p>\n","protected":false},"author":7,"featured_media":0,"parent":0,"menu_order":0,"comment_status":"closed","ping_status":"closed","template":"","meta":{"_mi_skip_tracking":false,"footnotes":""},"class_list":["post-202","page","type-page","status-publish","hentry"],"_links":{"self":[{"href":"https:\/\/heleneholmsif.se\/langlopning\/wp-json\/wp\/v2\/pages\/202","targetHints":{"allow":["GET"]}}],"collection":[{"href":"https:\/\/heleneholmsif.se\/langlopning\/wp-json\/wp\/v2\/pages"}],"about":[{"href":"https:\/\/heleneholmsif.se\/langlopning\/wp-json\/wp\/v2\/types\/page"}],"author":[{"embeddable":true,"href":"https:\/\/heleneholmsif.se\/langlopning\/wp-json\/wp\/v2\/users\/7"}],"replies":[{"embeddable":true,"href":"https:\/\/heleneholmsif.se\/langlopning\/wp-json\/wp\/v2\/comments?post=202"}],"version-history":[{"count":4,"href":"https:\/\/heleneholmsif.se\/langlopning\/wp-json\/wp\/v2\/pages\/202\/revisions"}],"predecessor-version":[{"id":2084,"href":"https:\/\/heleneholmsif.se\/langlopning\/wp-json\/wp\/v2\/pages\/202\/revisions\/2084"}],"wp:attachment":[{"href":"https:\/\/heleneholmsif.se\/langlopning\/wp-json\/wp\/v2\/media?parent=202"}],"curies":[{"name":"wp","href":"https:\/\/api.w.org\/{rel}","templated":true}]}}