{"id":311,"date":"2016-12-02T14:40:47","date_gmt":"2016-12-02T13:40:47","guid":{"rendered":"http:\/\/heleneholmsif.se\/langlopning\/?page_id=311"},"modified":"2020-08-19T12:36:07","modified_gmt":"2020-08-19T10:36:07","slug":"pm","status":"publish","type":"page","link":"https:\/\/heleneholmsif.se\/langlopning\/tavling\/vdm-800\/pm\/","title":{"rendered":"PM"},"content":{"rendered":"<p><a href=\"http:\/\/heleneholmsif.se\/langlopning\/wp-content\/uploads\/sites\/5\/2020\/08\/PM-UDMJDMDMVDM-20-aug-2020.pdf\">PM f\u00f6r UDM\/JDM\/DM\/VDM 800m 2020<\/a>. L\u00e4s noga igenom anvisningarna. I \u00e5r skiljer det sig n\u00e5got j\u00e4mf\u00f6rt med vanligt p.g.a pandemin. Ingen publik till\u00e5ten!<\/p>\n<figure id=\"attachment_3186\" class=\"alignnone\" style=\"width: 1024px;\">\n<div class=\"\"><img loading=\"lazy\" decoding=\"async\" class=\" wp-image-3186 size-large\" src=\"http:\/\/heleneholmsif.se\/langlopning\/wp-content\/uploads\/sites\/5\/2020\/08\/HIP-1024x608.jpg\" alt=\"\" width=\"1024\" height=\"608\" srcset=\"https:\/\/heleneholmsif.se\/langlopning\/wp-content\/uploads\/sites\/5\/2020\/08\/HIP-1024x608.jpg 1024w, https:\/\/heleneholmsif.se\/langlopning\/wp-content\/uploads\/sites\/5\/2020\/08\/HIP-300x178.jpg 300w, https:\/\/heleneholmsif.se\/langlopning\/wp-content\/uploads\/sites\/5\/2020\/08\/HIP-768x456.jpg 768w, https:\/\/heleneholmsif.se\/langlopning\/wp-content\/uploads\/sites\/5\/2020\/08\/HIP-101x60.jpg 101w, https:\/\/heleneholmsif.se\/langlopning\/wp-content\/uploads\/sites\/5\/2020\/08\/HIP-1180x700.jpg 1180w, https:\/\/heleneholmsif.se\/langlopning\/wp-content\/uploads\/sites\/5\/2020\/08\/HIP-1140x677.jpg 1140w, https:\/\/heleneholmsif.se\/langlopning\/wp-content\/uploads\/sites\/5\/2020\/08\/HIP-748x444.jpg 748w, https:\/\/heleneholmsif.se\/langlopning\/wp-content\/uploads\/sites\/5\/2020\/08\/HIP-364x216.jpg 364w, https:\/\/heleneholmsif.se\/langlopning\/wp-content\/uploads\/sites\/5\/2020\/08\/HIP.jpg 1223w\" sizes=\"auto, (max-width: 1024px) 100vw, 1024px\" \/><\/div>\n<\/figure>\n","protected":false},"excerpt":{"rendered":"<p>PM f\u00f6r UDM\/JDM\/DM\/VDM 800m 2020. L\u00e4s noga igenom anvisningarna. I \u00e5r skiljer det sig n\u00e5got j\u00e4mf\u00f6rt med vanligt p.g.a pandemin. Ingen publik till\u00e5ten!<\/p>\n","protected":false},"author":7,"featured_media":0,"parent":208,"menu_order":5,"comment_status":"closed","ping_status":"closed","template":"","meta":{"_mi_skip_tracking":false,"footnotes":""},"class_list":["post-311","page","type-page","status-publish","hentry"],"_links":{"self":[{"href":"https:\/\/heleneholmsif.se\/langlopning\/wp-json\/wp\/v2\/pages\/311","targetHints":{"allow":["GET"]}}],"collection":[{"href":"https:\/\/heleneholmsif.se\/langlopning\/wp-json\/wp\/v2\/pages"}],"about":[{"href":"https:\/\/heleneholmsif.se\/langlopning\/wp-json\/wp\/v2\/types\/page"}],"author":[{"embeddable":true,"href":"https:\/\/heleneholmsif.se\/langlopning\/wp-json\/wp\/v2\/users\/7"}],"replies":[{"embeddable":true,"href":"https:\/\/heleneholmsif.se\/langlopning\/wp-json\/wp\/v2\/comments?post=311"}],"version-history":[{"count":7,"href":"https:\/\/heleneholmsif.se\/langlopning\/wp-json\/wp\/v2\/pages\/311\/revisions"}],"predecessor-version":[{"id":3187,"href":"https:\/\/heleneholmsif.se\/langlopning\/wp-json\/wp\/v2\/pages\/311\/revisions\/3187"}],"up":[{"embeddable":true,"href":"https:\/\/heleneholmsif.se\/langlopning\/wp-json\/wp\/v2\/pages\/208"}],"wp:attachment":[{"href":"https:\/\/heleneholmsif.se\/langlopning\/wp-json\/wp\/v2\/media?parent=311"}],"curies":[{"name":"wp","href":"https:\/\/api.w.org\/{rel}","templated":true}]}}