{"id":333,"date":"2016-12-02T14:50:26","date_gmt":"2016-12-02T13:50:26","guid":{"rendered":"http:\/\/heleneholmsif.se\/langlopning\/?page_id=333"},"modified":"2025-09-29T12:30:16","modified_gmt":"2025-09-29T10:30:16","slug":"banan","status":"publish","type":"page","link":"https:\/\/heleneholmsif.se\/langlopning\/tavling\/yddingeloppet\/banan\/","title":{"rendered":"Banan"},"content":{"rendered":"<p>Yddingeloppet g\u00e5r i en fantastisk vacker f\u00e4rgsprakande milj\u00f6 under h\u00f6sten i Bokskogen, Torup. Banan \u00e4r utan tvekan en av Sk\u00e5nes finaste och tuffaste banor p\u00e5 samma g\u00e5ng. Banan \u00e4r uppdelad p\u00e5 tv\u00e5 str\u00e4ckor:<\/p>\n<p><strong>12 km<\/strong> p\u00e5 vackra skogsv\u00e4gar genom Bokskogen med start och m\u00e5l vid Torups Friluftsg\u00e5rd.<br \/>\nSe bankarta <a href=\"https:\/\/heleneholmsif.se\/triathlon\/wp-content\/uploads\/sites\/3\/2025\/09\/Banan-Yddingeloppet-12-km.pdf\" target=\"_blank\" rel=\"noopener noreferrer\">h\u00e4r<\/a>.<\/p>\n<p><strong>6 km<\/strong> samma skogsv\u00e4gar, men avkortad bana.<br \/>\nSe bankarta <a href=\"https:\/\/heleneholmsif.se\/triathlon\/wp-content\/uploads\/sites\/3\/2025\/09\/Banan-Yddingeloppet-6-km.pdf\" target=\"_blank\" rel=\"noopener noreferrer\">h\u00e4r<\/a>.<\/p>\n<figure id=\"attachment_901\" class=\"alignnone\" style=\"width: 1024px;\"><a data-fancybox-title=\"\" class=\"zoom-hover fb\" href=\"http:\/\/heleneholmsif.se\/langlopning\/tavling\/yddingeloppet\/banan\/dsc04722\/\" rel=\"attachment wp-att-901\"><img loading=\"lazy\" decoding=\"async\" class=\" wp-image-901 size-large\" src=\"http:\/\/heleneholmsif.se\/langlopning\/wp-content\/uploads\/sites\/5\/2016\/12\/DSC04722-1024x681.jpg\" alt=\"\" width=\"1024\" height=\"681\" srcset=\"https:\/\/heleneholmsif.se\/langlopning\/wp-content\/uploads\/sites\/5\/2016\/12\/DSC04722-1024x681.jpg 1024w, https:\/\/heleneholmsif.se\/langlopning\/wp-content\/uploads\/sites\/5\/2016\/12\/DSC04722-300x200.jpg 300w, https:\/\/heleneholmsif.se\/langlopning\/wp-content\/uploads\/sites\/5\/2016\/12\/DSC04722-768x511.jpg 768w, https:\/\/heleneholmsif.se\/langlopning\/wp-content\/uploads\/sites\/5\/2016\/12\/DSC04722-90x60.jpg 90w, https:\/\/heleneholmsif.se\/langlopning\/wp-content\/uploads\/sites\/5\/2016\/12\/DSC04722-1180x785.jpg 1180w, https:\/\/heleneholmsif.se\/langlopning\/wp-content\/uploads\/sites\/5\/2016\/12\/DSC04722-1623x1080.jpg 1623w, https:\/\/heleneholmsif.se\/langlopning\/wp-content\/uploads\/sites\/5\/2016\/12\/DSC04722-1140x759.jpg 1140w, https:\/\/heleneholmsif.se\/langlopning\/wp-content\/uploads\/sites\/5\/2016\/12\/DSC04722-748x498.jpg 748w, https:\/\/heleneholmsif.se\/langlopning\/wp-content\/uploads\/sites\/5\/2016\/12\/DSC04722-364x242.jpg 364w\" sizes=\"auto, (max-width: 1024px) 100vw, 1024px\" \/><\/a><\/figure>\n","protected":false},"excerpt":{"rendered":"<p>Yddingeloppet g\u00e5r i en fantastisk vacker f\u00e4rgsprakande milj\u00f6 under h\u00f6sten i Bokskogen, Torup. Banan \u00e4r utan tvekan en av Sk\u00e5nes finaste och tuffaste banor p\u00e5 samma g\u00e5ng. Banan \u00e4r uppdelad p\u00e5 tv\u00e5 str\u00e4ckor: 12 km p\u00e5 vackra skogsv\u00e4gar genom Bokskogen med start och m\u00e5l vid Torups Friluftsg\u00e5rd. Se bankarta h\u00e4r. 6 km samma skogsv\u00e4gar, men [&hellip;] <a href=\"https:\/\/heleneholmsif.se\/langlopning\/tavling\/yddingeloppet\/banan\/\" class=\"readmore\">L\u00e4s mer<i class=\"icon-forward\"><\/i><\/a><\/p>\n","protected":false},"author":7,"featured_media":0,"parent":212,"menu_order":7,"comment_status":"closed","ping_status":"closed","template":"","meta":{"_mi_skip_tracking":false,"footnotes":""},"class_list":["post-333","page","type-page","status-publish","hentry"],"_links":{"self":[{"href":"https:\/\/heleneholmsif.se\/langlopning\/wp-json\/wp\/v2\/pages\/333","targetHints":{"allow":["GET"]}}],"collection":[{"href":"https:\/\/heleneholmsif.se\/langlopning\/wp-json\/wp\/v2\/pages"}],"about":[{"href":"https:\/\/heleneholmsif.se\/langlopning\/wp-json\/wp\/v2\/types\/page"}],"author":[{"embeddable":true,"href":"https:\/\/heleneholmsif.se\/langlopning\/wp-json\/wp\/v2\/users\/7"}],"replies":[{"embeddable":true,"href":"https:\/\/heleneholmsif.se\/langlopning\/wp-json\/wp\/v2\/comments?post=333"}],"version-history":[{"count":6,"href":"https:\/\/heleneholmsif.se\/langlopning\/wp-json\/wp\/v2\/pages\/333\/revisions"}],"predecessor-version":[{"id":4665,"href":"https:\/\/heleneholmsif.se\/langlopning\/wp-json\/wp\/v2\/pages\/333\/revisions\/4665"}],"up":[{"embeddable":true,"href":"https:\/\/heleneholmsif.se\/langlopning\/wp-json\/wp\/v2\/pages\/212"}],"wp:attachment":[{"href":"https:\/\/heleneholmsif.se\/langlopning\/wp-json\/wp\/v2\/media?parent=333"}],"curies":[{"name":"wp","href":"https:\/\/api.w.org\/{rel}","templated":true}]}}