{"id":98,"date":"2016-04-28T10:36:34","date_gmt":"2016-04-28T08:36:34","guid":{"rendered":"http:\/\/heleneholmsif.se\/langlopning\/?page_id=98"},"modified":"2023-10-03T15:48:11","modified_gmt":"2023-10-03T13:48:11","slug":"kontakt","status":"publish","type":"page","link":"https:\/\/heleneholmsif.se\/langlopning\/kontakt\/","title":{"rendered":"Kontakt"},"content":{"rendered":"<p>Letar du efter kontaktuppgifter inom organisationen eller beh\u00f6ver hj\u00e4lp med n\u00e5got? Tveka inte att kontakta oss.<\/p>\n<p><strong>Post- och bes\u00f6ksadress:<\/strong><br \/>Heleneholms IF Ystadv\u00e4gen 23 B \u2013 <a href=\"https:\/\/www.google.se\/maps\/dir\/%27%27\/heleneholms+if\/@55.578919,12.9446176,12z\/data=%213m1%214b1%214m8%214m7%211m0%211m5%211m1%211s0x4653a16ad43db365:0x853b1d6de30764dd%212m2%211d13.014657%212d55.578939\" target=\"_blank\" rel=\"noopener noreferrer\">H(itta hit <\/a><br \/>214 45 Malm\u00f6<\/p>\n<p><strong>\u00d6ppettider kansli:<br \/><\/strong>M\u00e5ndag-torsdag: 08:00-16:00<br \/>Fredag: 08:00-13:00<\/p>\n<p><strong>Tel kansli: <\/strong>040-19 42 20<br \/><strong>E-mail:<\/strong> <a href=\"mailto:kansli@heleneholmsif.se\">kansli@heleneholmsif.se<\/a><\/p>\n<p>Heleneholms IF kansli f\u00e5r du tag p\u00e5 via mail och telefon (direktnummer)<\/p>\n<p>Maria Kvant &#8211; <a href=\"mailto:maria@heleneholmsif.se\">Mail<\/a><br \/><span style=\"font-size: revert; color: initial;\">Andr\u00e9 Ilve &#8211; <a href=\"andre@heleneholmsif.se\">Mail<\/a><br \/>Vanessa Hollender &#8211; <a href=\"vanessa@heleneholmsif.se\">Mail<\/a><\/span><\/p>\n\n\n<p><\/p>\n","protected":false},"excerpt":{"rendered":"<p>Letar du efter kontaktuppgifter inom organisationen eller beh\u00f6ver hj\u00e4lp med n\u00e5got? Tveka inte att kontakta oss. Post- och bes\u00f6ksadress:Heleneholms IF Ystadv\u00e4gen 23 B \u2013 H(itta hit 214 45 Malm\u00f6 \u00d6ppettider kansli:M\u00e5ndag-torsdag: 08:00-16:00Fredag: 08:00-13:00 Tel kansli: 040-19 42 20E-mail: kansli@heleneholmsif.se Heleneholms IF kansli f\u00e5r du tag p\u00e5 via mail och telefon (direktnummer) Maria Kvant &#8211; MailAndr\u00e9 [&hellip;] <a href=\"https:\/\/heleneholmsif.se\/langlopning\/kontakt\/\" class=\"readmore\">L\u00e4s mer<i class=\"icon-forward\"><\/i><\/a><\/p>\n","protected":false},"author":1,"featured_media":0,"parent":0,"menu_order":6,"comment_status":"closed","ping_status":"closed","template":"","meta":{"_mi_skip_tracking":false,"footnotes":""},"class_list":["post-98","page","type-page","status-publish","hentry"],"_links":{"self":[{"href":"https:\/\/heleneholmsif.se\/langlopning\/wp-json\/wp\/v2\/pages\/98","targetHints":{"allow":["GET"]}}],"collection":[{"href":"https:\/\/heleneholmsif.se\/langlopning\/wp-json\/wp\/v2\/pages"}],"about":[{"href":"https:\/\/heleneholmsif.se\/langlopning\/wp-json\/wp\/v2\/types\/page"}],"author":[{"embeddable":true,"href":"https:\/\/heleneholmsif.se\/langlopning\/wp-json\/wp\/v2\/users\/1"}],"replies":[{"embeddable":true,"href":"https:\/\/heleneholmsif.se\/langlopning\/wp-json\/wp\/v2\/comments?post=98"}],"version-history":[{"count":5,"href":"https:\/\/heleneholmsif.se\/langlopning\/wp-json\/wp\/v2\/pages\/98\/revisions"}],"predecessor-version":[{"id":4421,"href":"https:\/\/heleneholmsif.se\/langlopning\/wp-json\/wp\/v2\/pages\/98\/revisions\/4421"}],"wp:attachment":[{"href":"https:\/\/heleneholmsif.se\/langlopning\/wp-json\/wp\/v2\/media?parent=98"}],"curies":[{"name":"wp","href":"https:\/\/api.w.org\/{rel}","templated":true}]}}