{"id":174,"date":"2016-11-27T17:08:14","date_gmt":"2016-11-27T16:08:14","guid":{"rendered":"http:\/\/heleneholmsif.se\/triathlon\/?page_id=174"},"modified":"2023-09-06T11:34:07","modified_gmt":"2023-09-06T09:34:07","slug":"klubbklader","status":"publish","type":"page","link":"https:\/\/heleneholmsif.se\/triathlon\/om-heleneholms-if-tri-team\/klubbklader\/","title":{"rendered":"Klubbkl\u00e4der"},"content":{"rendered":"<h2>\n<figure id=\"attachment_281\" class=\"alignnone\" style=\"width: 748px;\">\n<div class=\"\"><img loading=\"lazy\" decoding=\"async\" class=\"wp-image-281 size-medium-width \" src=\"http:\/\/heleneholmsif.se\/triathlon\/wp-content\/uploads\/sites\/3\/2016\/11\/Sara-i-Trelleborg-748x499.jpeg\" alt=\"sara-i-trelleborg\" width=\"748\" height=\"499\" srcset=\"https:\/\/heleneholmsif.se\/triathlon\/wp-content\/uploads\/sites\/3\/2016\/11\/Sara-i-Trelleborg-748x499.jpeg 748w, https:\/\/heleneholmsif.se\/triathlon\/wp-content\/uploads\/sites\/3\/2016\/11\/Sara-i-Trelleborg-300x200.jpeg 300w, https:\/\/heleneholmsif.se\/triathlon\/wp-content\/uploads\/sites\/3\/2016\/11\/Sara-i-Trelleborg-768x512.jpeg 768w, https:\/\/heleneholmsif.se\/triathlon\/wp-content\/uploads\/sites\/3\/2016\/11\/Sara-i-Trelleborg-90x60.jpeg 90w, https:\/\/heleneholmsif.se\/triathlon\/wp-content\/uploads\/sites\/3\/2016\/11\/Sara-i-Trelleborg-364x243.jpeg 364w, https:\/\/heleneholmsif.se\/triathlon\/wp-content\/uploads\/sites\/3\/2016\/11\/Sara-i-Trelleborg.jpeg 900w\" sizes=\"auto, (max-width: 748px) 100vw, 748px\" \/><\/div>\n<\/figure>\n<\/h2>\n<h2>Sveriges snyggaste klubbkl\u00e4der\u2026 punkt!<\/h2>\n<p>Klubbkl\u00e4der \u00e4r en viktig del i v\u00e5r identitet som f\u00f6rening. Vi \u00e4r v\u00e4ldigt stolta att kunna s\u00e4ga att vi tycker att vi\u00a0har Sveriges snyggaste tr\u00e4nings- och t\u00e4vlingskl\u00e4der!<\/p>\n<p>Vi har en av Sveriges ledande leverant\u00f6rer av kl\u00e4der f\u00f6r uth\u00e5llighetsidrotter som leverant\u00f6r &#8211; <a href=\"http:\/\/trimtex.se\" target=\"_blank\" rel=\"noopener noreferrer\">TRIMTEX<\/a>.<\/p>\n<p>Heleneholms IF har en egen webshop hos TRIMTEX. Shoppen \u00f6ppnas ca 2 g\u00e5nger per \u00e5r. Efter given &#8221;sista best\u00e4llningsdag&#8221; skickas v\u00e5ra best\u00e4llningar till fabrik f\u00f6r tillverkning. Leveranstiden ber\u00e4knas d\u00e4refter till 5-7 veckor innan du har dina plagg levererade hem till dig.<\/p>\n<h2>Best\u00e4lla?<\/h2>\n<h3>S\u00e5h\u00e4r g\u00f6r du f\u00f6r att best\u00e4lla f\u00f6rsta g\u00e5ngen:<\/h3>\n<ol>\n<li>G\u00e5 in p\u00e5\u00a0webbshoppen i din webbl\u00e4sare\u00a0\u2013 <a href=\"http:\/\/www.trimtex.se\/customer\/HeleneholmsIFTri\" target=\"_blank\" rel=\"noopener noreferrer\">Webbshoppen finner du\u00a0h\u00e4r.<\/a><br \/>\nVi rekommenderar att du anv\u00e4nder Chrome eller Firefox som webbl\u00e4sare f\u00f6r att det ska fungera p\u00e5 b\u00e4sta s\u00e4tt. Att t.ex anv\u00e4nda Explorer eller Safari kan g\u00f6ra att det blir problem.<\/li>\n<li>Logga in i webbshoppen \u2013\u00a0Klicka p\u00e5 \u201dLogga in\u201d och v\u00e4lj \u201dSkapa nytt konto\u201d. Eftersom det \u00e4r en\u00a0ny webshopsl\u00f6sning s\u00e5 fungerar inte eventuellt gammalt e-mail\/l\u00f6sen man haft sedan tidigare\u00a0hos Trimtex.<\/li>\n<li>V\u00e4lj klubb \u2013 N\u00e4r du skapat nytt konto s\u00e5 kommer det upp en ruta \u201dTeamkod f\u00f6r inloggning*\u201d d\u00e4r fyller du i teamkoden \u201d<em><strong>HeleneholmsIF2023<\/strong><\/em>\u201d och klickar p\u00e5 \u201dl\u00e4gg till nytt f\u00f6retag\/klubb\u201d. D\u00e5 kommer klubbens namn upp och klickar du p\u00e5 texten \u201dBes\u00f6k teamshopen\u201d kommer du in och kan b\u00f6rja best\u00e4lla.<\/li>\n<\/ol>\n<h3>Om du har best\u00e4llt av Trimtex tidigare g\u00f6r du s\u00e5h\u00e4r:<\/h3>\n<ol>\n<li>G\u00e5 in p\u00e5\u00a0webbshoppen i din webbl\u00e4sare\u00a0\u2013 Webbshoppen finner du\u00a0<a href=\"http:\/\/www.trimtex.se\/customer\/HeleneholmsIFTri\" target=\"_blank\" rel=\"noopener noreferrer\">h\u00e4r<\/a>.<br \/>\nVi rekommenderar att du anv\u00e4nder Chrome eller Firefox som webbl\u00e4sare f\u00f6r att det ska fungera p\u00e5 b\u00e4sta s\u00e4tt. Att t.ex anv\u00e4nda Explorer eller Safari kan g\u00f6ra att det blir problem.<\/li>\n<li>Logga in i webbshoppen \u2013\u00a0Klicka p\u00e5 \u201dLogga in\u201d och logga in med din epostadress och l\u00f6senord.<\/li>\n<\/ol>\n<h2>Fr\u00e5gor?<\/h2>\n<p>Har fr\u00e5gor\/synpunkter g\u00e4llande sortimentet s\u00e5 oss p\u00e5\u00a0<a href=\"mailto:kansli@heleneholmsif.se\" target=\"_blank\" rel=\"noopener noreferrer\">kansli@heleneholmsif.se<\/a>.<\/p>\n<p>Har du fr\u00e5gor kring sj\u00e4lva webshopen s\u00e5 kontakta\u00a0<a href=\"mailto:info@trimtex.se\">info@trimtex.se<\/a>.<\/p>\n<h1><\/h1>\n<h1>Tr\u00e4na och t\u00e4vla i stil med Heleneholms IF!<\/h1>\n<h2><\/h2>\n","protected":false},"excerpt":{"rendered":"<p>Sveriges snyggaste klubbkl\u00e4der\u2026 punkt! Klubbkl\u00e4der \u00e4r en viktig del i v\u00e5r identitet som f\u00f6rening. Vi \u00e4r v\u00e4ldigt stolta att kunna s\u00e4ga att vi tycker att vi\u00a0har Sveriges snyggaste tr\u00e4nings- och t\u00e4vlingskl\u00e4der! Vi har en av Sveriges ledande leverant\u00f6rer av kl\u00e4der f\u00f6r uth\u00e5llighetsidrotter som leverant\u00f6r &#8211; TRIMTEX. Heleneholms IF har en egen webshop hos TRIMTEX. Shoppen [&hellip;] <a href=\"https:\/\/heleneholmsif.se\/triathlon\/om-heleneholms-if-tri-team\/klubbklader\/\" class=\"readmore\">L\u00e4s mer<i class=\"icon-forward\"><\/i><\/a><\/p>\n","protected":false},"author":5,"featured_media":0,"parent":6,"menu_order":0,"comment_status":"closed","ping_status":"closed","template":"","meta":{"_mi_skip_tracking":false,"footnotes":""},"class_list":["post-174","page","type-page","status-publish","hentry"],"_links":{"self":[{"href":"https:\/\/heleneholmsif.se\/triathlon\/wp-json\/wp\/v2\/pages\/174","targetHints":{"allow":["GET"]}}],"collection":[{"href":"https:\/\/heleneholmsif.se\/triathlon\/wp-json\/wp\/v2\/pages"}],"about":[{"href":"https:\/\/heleneholmsif.se\/triathlon\/wp-json\/wp\/v2\/types\/page"}],"author":[{"embeddable":true,"href":"https:\/\/heleneholmsif.se\/triathlon\/wp-json\/wp\/v2\/users\/5"}],"replies":[{"embeddable":true,"href":"https:\/\/heleneholmsif.se\/triathlon\/wp-json\/wp\/v2\/comments?post=174"}],"version-history":[{"count":13,"href":"https:\/\/heleneholmsif.se\/triathlon\/wp-json\/wp\/v2\/pages\/174\/revisions"}],"predecessor-version":[{"id":1722,"href":"https:\/\/heleneholmsif.se\/triathlon\/wp-json\/wp\/v2\/pages\/174\/revisions\/1722"}],"up":[{"embeddable":true,"href":"https:\/\/heleneholmsif.se\/triathlon\/wp-json\/wp\/v2\/pages\/6"}],"wp:attachment":[{"href":"https:\/\/heleneholmsif.se\/triathlon\/wp-json\/wp\/v2\/media?parent=174"}],"curies":[{"name":"wp","href":"https:\/\/api.w.org\/{rel}","templated":true}]}}