{"id":189,"date":"2016-11-27T18:59:37","date_gmt":"2016-11-27T17:59:37","guid":{"rendered":"http:\/\/heleneholmsif.se\/triathlon\/?page_id=189"},"modified":"2025-06-13T08:15:17","modified_gmt":"2025-06-13T06:15:17","slug":"simning","status":"publish","type":"page","link":"https:\/\/heleneholmsif.se\/triathlon\/traning\/simning\/","title":{"rendered":"Simning"},"content":{"rendered":"<h2><figure id=\"attachment_1269\" class=\"alignleft fixed\" style=\"width: 300px;\"><div class=\"\"><img loading=\"lazy\" decoding=\"async\" class=\" wp-image-1269 size-medium\" src=\"http:\/\/heleneholmsif.se\/triathlon\/wp-content\/uploads\/sites\/3\/2020\/02\/bild3sim-300x225.jpg\" alt=\"\" width=\"300\" height=\"225\" srcset=\"https:\/\/heleneholmsif.se\/triathlon\/wp-content\/uploads\/sites\/3\/2020\/02\/bild3sim-300x225.jpg 300w, https:\/\/heleneholmsif.se\/triathlon\/wp-content\/uploads\/sites\/3\/2020\/02\/bild3sim-768x576.jpg 768w, https:\/\/heleneholmsif.se\/triathlon\/wp-content\/uploads\/sites\/3\/2020\/02\/bild3sim-80x60.jpg 80w, https:\/\/heleneholmsif.se\/triathlon\/wp-content\/uploads\/sites\/3\/2020\/02\/bild3sim-748x561.jpg 748w, https:\/\/heleneholmsif.se\/triathlon\/wp-content\/uploads\/sites\/3\/2020\/02\/bild3sim-364x273.jpg 364w, https:\/\/heleneholmsif.se\/triathlon\/wp-content\/uploads\/sites\/3\/2020\/02\/bild3sim.jpg 960w\" sizes=\"auto, (max-width: 300px) 100vw, 300px\" \/><\/div><\/figure><\/h2>\n<h2>Allm\u00e4nt<\/h2>\n<p>V\u00e5r simtr\u00e4ning bedrivs i tv\u00e5 former beroende p\u00e5 \u00e5rstid.<br \/>Under inomhuss\u00e4songen bedriver vi v\u00e5r tr\u00e4narledda tr\u00e4ning p\u00e5 Simhallsbadet. Bass\u00e4ngtr\u00e4ningen \u00e4r avgiftsbelagd och kr\u00e4ver anm\u00e4lan.<\/p>\n<p>V\u00e5r OW-tr\u00e4ning (Open Water) bedrivs, s\u00e5 snart v\u00e4der till\u00e5ter, i huvudsak i V\u00e4stra Hamnen (Daniaparken). Denna tr\u00e4ning \u00e4r tr\u00e4narledd, men \u00e4nd\u00e5 gratis!<\/p>\n<h2>OW (OpenWater simning)<\/h2>\n<p>OW-simningen kommer att f\u00f6rsigg\u00e5 i V\u00e4stra Hamnen (Daniaparken).<br \/>Tr\u00e4narledda pass \u00e4r p\u00e5 <strong>onsdagar 18.15<\/strong>\u00a0och\u00a0<strong>s\u00f6ndagar kl.16.30.<br \/><\/strong>Viss variation p\u00e5 tider kan f\u00f6rekomma s\u00e5 h\u00e5ll koll p\u00e5 eventet i v\u00e5r <a href=\"https:\/\/www.facebook.com\/groups\/HeleneholmsTriTeam\/\" target=\"_blank\" rel=\"noopener noreferrer\">interna Facebook-grupp<\/a>.<\/p>\n<p>OW-simningen \u00e4r kostnadsfri f\u00f6r alla Heleneholms IF:s medlemmar!<\/p>\n<h2>Bass\u00e4ngsimning<\/h2>\n<p>Vi erbjuder simtr\u00e4ning f\u00f6r alla niv\u00e5er.<\/p>\n<p>Simtr\u00e4ningen sker p\u00e5 Simhallsbadet (gamla aq-va-kul.) Ing\u00e5ng sker via huvuding\u00e5ngen p\u00e5 Simhallsbadet. Kod mejlas ut till de som anm\u00e4lt sig till simtr\u00e4ningen.<\/p>\n<div class=\"text_exposed_show\">\n<p>Du kan boka in dig till simtr\u00e4ningen genom att f\u00f6lja <a href=\"https:\/\/entry.sportadmin.se\/groupsOverview?uid=PsWe2j&amp;pageId=0&amp;sportid=1071\">denna sida<\/a>. \u00c4r du redan medlem anv\u00e4nder du din mejladress f\u00f6r att logga in.<\/p>\n<p><strong>Barn\/Undom<\/strong><br \/>Detta \u00e4r gruppen f\u00f6r dig som \u00e4r \u00f6ver 14 \u00e5r som vill tr\u00e4na med oss. Simningen sker tillsammans med de vuxna. Man beh\u00f6ver kunna simma minst 100 m frisim innan man b\u00f6rjar. G\u00f6r en nyanm\u00e4lan <a href=\"https:\/\/entry.sportadmin.se\/groupsOverview?uid=PsWe2j\">via detta formul\u00e4<\/a><a href=\"https:\/\/sportadmin.se\/form\/form.asp?ID={3CBE986F-FE38-44B1-9746-CF7E63155DDB}\">r<\/a>. Har du fr\u00e5gor om ungdomstr\u00e4ning f\u00f6r triathlon kan du<a href=\"mailto:Triteam@heleneholmsif.se\"> kontakta Vanessa<\/a>.<\/p>\n<\/div>\n<h3>\u00a0<\/h3>\n<h3>Tr\u00e4ningstider<\/h3>\n<p><strong>S\u00f6ndagar: <\/strong>Tr\u00e4narledd simning kl 17-18, Bana 1, 25m och Bana 2-5, 50m.<\/p>\n<p><strong>Tisdagar:<\/strong> Icke tr\u00e4narledd simning kl 6-7, Bana 1 och 2, 50m<\/p>\n<p><strong>Onsdagar:<\/strong> Tr\u00e4narledd simning kl 19-20.30, Bana 1 och 2, 50m<\/p>\n<p><strong>Fredagar:<\/strong> Icke tr\u00e4narledd simning kl 6-7, Bana 1 och 2, 50m<\/p>\n<div class=\"text_exposed_show\">\u00a0<\/div>\n<div class=\"text_exposed_show\"><hr \/>\n<h3>Tr\u00e4nare<\/h3>\n<p>Vi str\u00e4var alltid efter att ha b\u00e4sta m\u00f6jliga tr\u00e4narupps\u00e4ttning p\u00e5 v\u00e5ra tr\u00e4narledda pass. S\u00e5 \u00e4ven p\u00e5 v\u00e5r simtr\u00e4ning.<br \/>Du kan l\u00e4sa mer om v\u00e5ra simtr\u00e4nare <a href=\"http:\/\/heleneholmsif.se\/triathlon\/traning\/simning\/vara-simtranare\/\" target=\"_blank\" rel=\"noopener noreferrer\">h\u00e4r<\/a>.<\/p>\n<hr \/>\n<h3>Regler<\/h3>\n<ul>\n<li>Innan passet startar har man eget ansvar f\u00f6r att vara uppv\u00e4rmd och duschad.<\/li>\n<li>50m p\u00e5 simpasset inneb\u00e4r 50m, inte 2\u00d725.<\/li>\n<li>F\u00f6rs\u00f6k att inte s\u00e4tta f\u00f6tter p\u00e5 botten!<\/li>\n<\/ul>\n<hr \/>\n<h3>Kostnad<\/h3>\n<p>Att simma inomhus (tr\u00e4narledd och \u00f6vriga simtider) med oss kostar ca 1350kr p\u00e5 h\u00f6sten och 1950kr p\u00e5 v\u00e5ren d\u00e5 det \u00e4r fler pass p\u00e5 v\u00e5ren \u00e4n h\u00f6sten + medlemskap i Heleneholms IF &#8211; 900kr\/\u00e5r (450kr efter 1:a juli) \u2013 <a href=\"https:\/\/entry.sportadmin.se\/groupsOverview?uid=PsWe2j&amp;pageId=0&amp;sportid=1071\">Bli medlem!<\/a><\/p>\n<p>Att delta i ungdomstr\u00e4ningen kostar 700kr\/\u00e5r i medlemskap upp till 15 \u00e5rs \u00e5lder (350kr efter 1:a juli) + avgift f\u00f6r simtr\u00e4ningen som anpassas per termin beroende p\u00e5 antal pass &#8211; <a href=\"https:\/\/entry.sportadmin.se\/groupsOverview?uid=PsWe2j&amp;pageId=0&amp;sportid=1071\">Bli medlem!<\/a><\/p>\n<hr \/>\n<h3>Anm\u00e4lan<\/h3>\n<p>F\u00f6r att anm\u00e4la dig v\u00e5ra simgrupper g\u00e5r du till <a href=\"https:\/\/sportadmin.se\/book\/?F=68BF58D0-C8A9-46AE-B7D9-B25CFA7595C8\">v\u00e5r bokningssida h\u00e4r<\/a>. \u00c4r du redan medlem i f\u00f6reningen anv\u00e4nder du din mejladress du angett f\u00f6r att logga in.<\/p>\n<h3>F\u00f6rst till kvarn g\u00e4ller!<\/h3>\n<\/div>\n\n\n<p><\/p>\n","protected":false},"excerpt":{"rendered":"<p>Allm\u00e4nt V\u00e5r simtr\u00e4ning bedrivs i tv\u00e5 former beroende p\u00e5 \u00e5rstid.Under inomhuss\u00e4songen bedriver vi v\u00e5r tr\u00e4narledda tr\u00e4ning p\u00e5 Simhallsbadet. Bass\u00e4ngtr\u00e4ningen \u00e4r avgiftsbelagd och kr\u00e4ver anm\u00e4lan. V\u00e5r OW-tr\u00e4ning (Open Water) bedrivs, s\u00e5 snart v\u00e4der till\u00e5ter, i huvudsak i V\u00e4stra Hamnen (Daniaparken). Denna tr\u00e4ning \u00e4r tr\u00e4narledd, men \u00e4nd\u00e5 gratis! OW (OpenWater simning) OW-simningen kommer att f\u00f6rsigg\u00e5 i V\u00e4stra [&hellip;] <a href=\"https:\/\/heleneholmsif.se\/triathlon\/traning\/simning\/\" class=\"readmore\">L\u00e4s mer<i class=\"icon-forward\"><\/i><\/a><\/p>\n","protected":false},"author":5,"featured_media":0,"parent":12,"menu_order":0,"comment_status":"closed","ping_status":"closed","template":"","meta":{"_mi_skip_tracking":false,"footnotes":""},"class_list":["post-189","page","type-page","status-publish","hentry"],"_links":{"self":[{"href":"https:\/\/heleneholmsif.se\/triathlon\/wp-json\/wp\/v2\/pages\/189","targetHints":{"allow":["GET"]}}],"collection":[{"href":"https:\/\/heleneholmsif.se\/triathlon\/wp-json\/wp\/v2\/pages"}],"about":[{"href":"https:\/\/heleneholmsif.se\/triathlon\/wp-json\/wp\/v2\/types\/page"}],"author":[{"embeddable":true,"href":"https:\/\/heleneholmsif.se\/triathlon\/wp-json\/wp\/v2\/users\/5"}],"replies":[{"embeddable":true,"href":"https:\/\/heleneholmsif.se\/triathlon\/wp-json\/wp\/v2\/comments?post=189"}],"version-history":[{"count":63,"href":"https:\/\/heleneholmsif.se\/triathlon\/wp-json\/wp\/v2\/pages\/189\/revisions"}],"predecessor-version":[{"id":1762,"href":"https:\/\/heleneholmsif.se\/triathlon\/wp-json\/wp\/v2\/pages\/189\/revisions\/1762"}],"up":[{"embeddable":true,"href":"https:\/\/heleneholmsif.se\/triathlon\/wp-json\/wp\/v2\/pages\/12"}],"wp:attachment":[{"href":"https:\/\/heleneholmsif.se\/triathlon\/wp-json\/wp\/v2\/media?parent=189"}],"curies":[{"name":"wp","href":"https:\/\/api.w.org\/{rel}","templated":true}]}}